CRAN Package Check Results for Package mixAK

Last updated on 2020-01-18 22:48:37 CET.

Flavor Version Tinstall Tcheck Ttotal Status Flags
r-devel-linux-x86_64-debian-clang 5.1 79.31 160.62 239.93 WARN
r-devel-linux-x86_64-debian-gcc 5.1 52.95 122.04 174.99 WARN
r-devel-linux-x86_64-fedora-clang 5.1 295.11 WARN
r-devel-linux-x86_64-fedora-gcc 5.1 273.21 WARN
r-devel-windows-ix86+x86_64 5.1 214.00 270.00 484.00 WARN
r-devel-windows-ix86+x86_64-gcc8 5.1 178.00 274.00 452.00 WARN
r-patched-linux-x86_64 5.1 57.11 143.80 200.91 OK
r-patched-solaris-x86 5.1 352.70 OK
r-release-linux-x86_64 5.1 57.97 143.15 201.12 OK
r-release-windows-ix86+x86_64 5.1 208.00 175.00 383.00 OK
r-oldrel-windows-ix86+x86_64 5.1 197.00 161.00 358.00 OK

Check Details

Version: 5.1
Check: whether package can be installed
Result: WARN
    Found the following significant warnings:
     GLMM_Deviance.cpp:153:8: warning: expression result unused [-Wunused-value]
     GLMM_Deviance.cpp:708:10: warning: expression result unused [-Wunused-value]
     GLMM_Deviance2.cpp:173:8: warning: expression result unused [-Wunused-value]
     GLMM_Deviance2.cpp:780:10: warning: expression result unused [-Wunused-value]
     GLMM_newData.cpp:183:8: warning: expression result unused [-Wunused-value]
     GLMM_updateRanEf.cpp:161:8: warning: expression result unused [-Wunused-value]
     GLMM_updateRanEf.cpp:626:6: warning: expression result unused [-Wunused-value]
     GLMM_updateRanEf_QR.cpp:124:8: warning: expression result unused [-Wunused-value]
     GLMM_updateRanEf_QR.cpp:328:10: warning: expression result unused [-Wunused-value]
     MCMC_Moments_NormalApprox_QR.cpp:104:10: warning: expression result unused [-Wunused-value]
     MCMC_Moments_NormalApprox_QR.cpp:209:10: warning: expression result unused [-Wunused-value]
     NMix_updateMeansVars.cpp:516:9: warning: expression result unused [-Wunused-value]
Flavors: r-devel-linux-x86_64-debian-clang, r-devel-linux-x86_64-fedora-clang

Version: 5.1
Check: whether package can be installed
Result: WARN
    Found the following significant warnings:
     GLMM_Deviance.cpp:153:8: warning: statement has no effect [-Wunused-value]
     GLMM_Deviance.cpp:708:10: warning: statement has no effect [-Wunused-value]
     GLMM_Deviance2.cpp:173:8: warning: statement has no effect [-Wunused-value]
     GLMM_Deviance2.cpp:780:10: warning: statement has no effect [-Wunused-value]
     GLMM_newData.cpp:183:8: warning: statement has no effect [-Wunused-value]
     GLMM_updateRanEf.cpp:161:8: warning: statement has no effect [-Wunused-value]
     GLMM_updateRanEf.cpp:626:6: warning: statement has no effect [-Wunused-value]
     GLMM_updateRanEf_QR.cpp:124:8: warning: statement has no effect [-Wunused-value]
     GLMM_updateRanEf_QR.cpp:328:10: warning: statement has no effect [-Wunused-value]
     MCMC_Moments_NormalApprox_QR.cpp:104:10: warning: statement has no effect [-Wunused-value]
     MCMC_Moments_NormalApprox_QR.cpp:209:10: warning: statement has no effect [-Wunused-value]
     NMix_updateMeansVars.cpp:516:9: warning: statement has no effect [-Wunused-value]
Flavors: r-devel-linux-x86_64-debian-gcc, r-devel-linux-x86_64-fedora-gcc

Version: 5.1
Check: whether package can be installed
Result: WARN
    Found the following significant warnings:
     GLMM_Deviance.cpp:153:9: warning: statement has no effect [-Wunused-value]
     GLMM_Deviance.cpp:708:11: warning: statement has no effect [-Wunused-value]
     GLMM_Deviance2.cpp:173:9: warning: statement has no effect [-Wunused-value]
     GLMM_Deviance2.cpp:780:11: warning: statement has no effect [-Wunused-value]
     GLMM_newData.cpp:183:9: warning: statement has no effect [-Wunused-value]
     GLMM_updateRanEf.cpp:161:9: warning: statement has no effect [-Wunused-value]
     GLMM_updateRanEf.cpp:626:11: warning: statement has no effect [-Wunused-value]
     GLMM_updateRanEf_QR.cpp:124:9: warning: statement has no effect [-Wunused-value]
     GLMM_updateRanEf_QR.cpp:328:11: warning: statement has no effect [-Wunused-value]
     MCMC_Moments_NormalApprox_QR.cpp:104:11: warning: statement has no effect [-Wunused-value]
     MCMC_Moments_NormalApprox_QR.cpp:209:11: warning: statement has no effect [-Wunused-value]
     NMix_updateMeansVars.cpp:516:16: warning: statement has no effect [-Wunused-value]
Flavors: r-devel-windows-ix86+x86_64, r-devel-windows-ix86+x86_64-gcc8