CRAN Package Check Results for Package mixAK

Last updated on 2019-08-23 22:50:03 CEST.

Flavor Version Tinstall Tcheck Ttotal Status Flags
r-devel-linux-x86_64-debian-clang 5.1 69.26 143.65 212.91 OK
r-devel-linux-x86_64-debian-gcc 5.1 OK
r-devel-linux-x86_64-fedora-clang 5.1 281.14 WARN
r-devel-linux-x86_64-fedora-gcc 5.1 264.69 WARN
r-devel-windows-ix86+x86_64 5.1 159.00 235.00 394.00 OK
r-patched-linux-x86_64 5.1 54.78 144.73 199.51 OK
r-patched-solaris-x86 5.1 434.80 OK
r-release-linux-x86_64 5.1 56.01 145.38 201.39 OK
r-release-windows-ix86+x86_64 5.1 252.00 251.00 503.00 OK
r-oldrel-windows-ix86+x86_64 5.1 201.00 225.00 426.00 OK

Check Details

Version: 5.1
Check: whether package can be installed
Result: WARN
    Found the following significant warnings:
     GLMM_Deviance.cpp:153:8: warning: expression result unused [-Wunused-value]
     GLMM_Deviance.cpp:708:10: warning: expression result unused [-Wunused-value]
     GLMM_Deviance2.cpp:173:8: warning: expression result unused [-Wunused-value]
     GLMM_Deviance2.cpp:780:10: warning: expression result unused [-Wunused-value]
     GLMM_newData.cpp:183:8: warning: expression result unused [-Wunused-value]
     GLMM_updateRanEf.cpp:161:8: warning: expression result unused [-Wunused-value]
     GLMM_updateRanEf.cpp:626:6: warning: expression result unused [-Wunused-value]
     GLMM_updateRanEf_QR.cpp:124:8: warning: expression result unused [-Wunused-value]
     GLMM_updateRanEf_QR.cpp:328:10: warning: expression result unused [-Wunused-value]
     MCMC_Moments_NormalApprox_QR.cpp:104:10: warning: expression result unused [-Wunused-value]
     MCMC_Moments_NormalApprox_QR.cpp:209:10: warning: expression result unused [-Wunused-value]
     NMix_updateMeansVars.cpp:516:9: warning: expression result unused [-Wunused-value]
Flavor: r-devel-linux-x86_64-fedora-clang

Version: 5.1
Check: whether package can be installed
Result: WARN
    Found the following significant warnings:
     GLMM_Deviance.cpp:153:8: warning: statement has no effect [-Wunused-value]
     GLMM_Deviance.cpp:708:10: warning: statement has no effect [-Wunused-value]
     GLMM_Deviance2.cpp:173:8: warning: statement has no effect [-Wunused-value]
     GLMM_Deviance2.cpp:780:10: warning: statement has no effect [-Wunused-value]
     GLMM_newData.cpp:183:8: warning: statement has no effect [-Wunused-value]
     GLMM_updateRanEf.cpp:161:8: warning: statement has no effect [-Wunused-value]
     GLMM_updateRanEf.cpp:626:6: warning: statement has no effect [-Wunused-value]
     GLMM_updateRanEf_QR.cpp:124:8: warning: statement has no effect [-Wunused-value]
     GLMM_updateRanEf_QR.cpp:328:10: warning: statement has no effect [-Wunused-value]
     MCMC_Moments_NormalApprox_QR.cpp:104:10: warning: statement has no effect [-Wunused-value]
     MCMC_Moments_NormalApprox_QR.cpp:209:10: warning: statement has no effect [-Wunused-value]
     NMix_updateMeansVars.cpp:516:9: warning: statement has no effect [-Wunused-value]
Flavor: r-devel-linux-x86_64-fedora-gcc