CRAN Package Check Results for Package mixAR

Last updated on 2021-05-16 22:49:57 CEST.

Flavor Version Tinstall Tcheck Ttotal Status Flags
r-devel-linux-x86_64-debian-clang 0.22.5 25.27 275.01 300.28 OK
r-devel-linux-x86_64-debian-gcc 0.22.5 22.01 190.71 212.72 OK
r-devel-linux-x86_64-fedora-clang 0.22.5 352.51 OK
r-devel-linux-x86_64-fedora-gcc 0.22.5 349.41 OK
r-devel-windows-ix86+x86_64 0.22.5 53.00 227.00 280.00 OK
r-devel-windows-x86_64-gcc10-UCRT 0.22.5 OK
r-patched-linux-x86_64 0.22.5 25.70 261.47 287.17 OK
r-patched-solaris-x86 0.22.5 450.90 OK
r-release-linux-x86_64 0.22.5 24.39 248.47 272.86 OK
r-release-macos-x86_64 0.22.5 OK
r-release-windows-ix86+x86_64 0.22.5 39.00 229.00 268.00 OK
r-oldrel-macos-x86_64 0.22.5 WARN
r-oldrel-windows-ix86+x86_64 0.22.5 32.00 286.00 318.00 WARN

Check Details

Version: 0.22.5
Check: Rd files
Result: WARN
    prepare_Rd: <connection>:4: unexpected END_OF_INPUT '
    '
Flavors: r-oldrel-macos-x86_64, r-oldrel-windows-ix86+x86_64