Last updated on 2023-11-30 22:59:05 CET.
Flavor | Version | Tinstall | Tcheck | Ttotal | Status | Flags |
---|---|---|---|---|---|---|
r-devel-linux-x86_64-debian-clang | 2.0.0 | 36.37 | 324.81 | 361.18 | NOTE | |
r-devel-linux-x86_64-debian-gcc | 2.0.0 | 28.43 | 230.96 | 259.39 | NOTE | |
r-devel-linux-x86_64-fedora-clang | 2.0.0 | 450.99 | OK | |||
r-devel-linux-x86_64-fedora-gcc | 2.0.0 | 430.22 | OK | |||
r-devel-windows-x86_64 | 2.0.0 | 33.00 | 319.00 | 352.00 | OK | |
r-patched-linux-x86_64 | 2.0.0 | 28.35 | 300.68 | 329.03 | OK | |
r-release-linux-x86_64 | 2.0.0 | 24.50 | 301.28 | 325.78 | OK | |
r-release-macos-arm64 | 2.0.0 | 131.00 | OK | |||
r-release-macos-x86_64 | 2.0.0 | 240.00 | OK | |||
r-release-windows-x86_64 | 2.0.0 | 46.00 | 390.00 | 436.00 | OK | |
r-oldrel-macos-arm64 | 2.0.0 | 137.00 | OK | |||
r-oldrel-macos-x86_64 | 2.0.0 | 160.00 | OK | |||
r-oldrel-windows-x86_64 | 2.0.0 | 47.00 | 399.00 | 446.00 | OK |
Version: 2.0.0
Check: Rd files
Result: NOTE
checkRd: (-1) CO2data.Rd:14: Lost braces in \itemize; meant \describe ?
checkRd: (-1) CO2data.Rd:15: Lost braces in \itemize; meant \describe ?
checkRd: (-1) CO2data.Rd:16-17: Lost braces in \itemize; meant \describe ?
checkRd: (-1) NOdata.Rd:14: Lost braces in \itemize; meant \describe ?
checkRd: (-1) NOdata.Rd:15: Lost braces in \itemize; meant \describe ?
Flavors: r-devel-linux-x86_64-debian-clang, r-devel-linux-x86_64-debian-gcc