CRAN Package Check Results for Package mizer

Last updated on 2022-08-12 22:56:02 CEST.

Flavor Version Tinstall Tcheck Ttotal Status Flags
r-devel-linux-x86_64-debian-clang 2.3.1 35.25 240.34 275.59 OK
r-devel-linux-x86_64-debian-gcc 2.3.1 27.06 176.12 203.18 OK
r-devel-linux-x86_64-fedora-clang 2.3.1 330.04 OK
r-devel-linux-x86_64-fedora-gcc 2.3.1 318.28 OK
r-devel-windows-x86_64 2.3.1 93.00 247.00 340.00 OK --no-vignettes
r-patched-linux-x86_64 2.3.1 35.20 215.36 250.56 OK
r-release-linux-x86_64 2.3.1 32.00 214.81 246.81 OK
r-release-macos-arm64 2.3.1 117.00 OK
r-release-macos-x86_64 2.3.1 106.00 ERROR
r-release-windows-x86_64 2.3.1 156.00 234.00 390.00 OK --no-vignettes
r-oldrel-macos-arm64 2.3.1 109.00 OK
r-oldrel-macos-x86_64 2.3.1 105.00 ERROR
r-oldrel-windows-ix86+x86_64 2.3.1 76.00 343.00 419.00 OK --no-vignettes

Check Details

Version: 2.3.1
Check: tests
Result: ERROR
     Running ‘spelling.R’ [0s/0s]
     Running ‘testthat.R’ [22s/23s]
    Running the tests in ‘tests/testthat.R’ failed.
    Last 13 lines of output:
     • plots/plot-diet.svg
     • plots/plot-feeding-level-critical.svg
     • plots/plot-feeding-level.svg
     • plots/plot-growth-curves-panel.svg
     • plots/plot-growth-curves.svg
     • plots/plot-single-growth-curve.svg
     • plots/plot-spectra.svg
     • plots/plot-yield-by-gear.svg
     • plots/plot-yield.svg
     • plots/plotfishing-mortality.svg
     • plots/plotfmort-truncated.svg
     • plots/plotpredation-mortality.svg
     • plots/plotpredmort-truncated.svg
     Error: Test failures
     Execution halted
Flavor: r-release-macos-x86_64

Version: 2.3.1
Check: tests
Result: ERROR
     Running ‘spelling.R’ [0s/0s]
     Running ‘testthat.R’ [23s/23s]
    Running the tests in ‘tests/testthat.R’ failed.
    Last 13 lines of output:
     • plots/plot-diet.svg
     • plots/plot-feeding-level-critical.svg
     • plots/plot-feeding-level.svg
     • plots/plot-growth-curves-panel.svg
     • plots/plot-growth-curves.svg
     • plots/plot-single-growth-curve.svg
     • plots/plot-spectra.svg
     • plots/plot-yield-by-gear.svg
     • plots/plot-yield.svg
     • plots/plotfishing-mortality.svg
     • plots/plotfmort-truncated.svg
     • plots/plotpredation-mortality.svg
     • plots/plotpredmort-truncated.svg
     Error: Test failures
     Execution halted
Flavor: r-oldrel-macos-x86_64