CRAN Package Check Results for Package mkde

Last updated on 2020-02-17 22:49:38 CET.

Flavor Version Tinstall Tcheck Ttotal Status Flags
r-devel-linux-x86_64-debian-clang 0.1 20.29 88.76 109.05 NOTE
r-devel-linux-x86_64-debian-gcc 0.1 17.38 69.55 86.93 NOTE
r-devel-linux-x86_64-fedora-clang 0.1 132.60 NOTE
r-devel-linux-x86_64-fedora-gcc 0.1 133.58 NOTE
r-devel-windows-ix86+x86_64 0.1 47.00 164.00 211.00 NOTE
r-devel-windows-ix86+x86_64-gcc8 0.1 66.00 204.00 270.00 NOTE
r-patched-linux-x86_64 0.1 17.00 79.05 96.05 NOTE
r-patched-solaris-x86 0.1 165.90 NOTE
r-release-linux-x86_64 0.1 17.01 79.37 96.38 NOTE
r-release-windows-ix86+x86_64 0.1 44.00 141.00 185.00 NOTE
r-release-osx-x86_64 0.1 NOTE
r-oldrel-windows-ix86+x86_64 0.1 28.00 133.00 161.00 NOTE
r-oldrel-osx-x86_64 0.1 NOTE

Additional issues

clang-UBSAN gcc-UBSAN

Check Details

Version: 0.1
Check: DESCRIPTION meta-information
Result: NOTE
    Malformed Title field: should not end in a period.
Flavors: r-devel-linux-x86_64-debian-clang, r-devel-linux-x86_64-debian-gcc, r-devel-linux-x86_64-fedora-clang, r-devel-linux-x86_64-fedora-gcc, r-devel-windows-ix86+x86_64, r-devel-windows-ix86+x86_64-gcc8, r-patched-linux-x86_64, r-patched-solaris-x86, r-release-linux-x86_64, r-release-windows-ix86+x86_64, r-release-osx-x86_64, r-oldrel-windows-ix86+x86_64, r-oldrel-osx-x86_64

Version: 0.1
Check: R code for possible problems
Result: NOTE
    computeContourValues: no visible global function definition for
     'na.omit'
    deselectNonMovementSteps : coOccurProb: no visible global function
     definition for 'dnorm'
    deselectNonMovementSteps: no visible global function definition for
     'pnorm'
    estVarMKDE: no visible global function definition for 'na.omit'
    estVarMKDE: no visible global function definition for 'qnorm'
    estVarMKDE: no visible global function definition for 'optimize'
    plotMKDE: no visible global function definition for 'rainbow'
    Undefined global functions or variables:
     dnorm na.omit optimize pnorm qnorm rainbow
    Consider adding
     importFrom("grDevices", "rainbow")
     importFrom("stats", "dnorm", "na.omit", "optimize", "pnorm", "qnorm")
    to your NAMESPACE file.
Flavors: r-devel-linux-x86_64-debian-clang, r-devel-linux-x86_64-debian-gcc, r-devel-linux-x86_64-fedora-clang, r-devel-linux-x86_64-fedora-gcc, r-devel-windows-ix86+x86_64, r-devel-windows-ix86+x86_64-gcc8, r-patched-linux-x86_64, r-patched-solaris-x86, r-release-linux-x86_64, r-release-windows-ix86+x86_64, r-release-osx-x86_64, r-oldrel-windows-ix86+x86_64, r-oldrel-osx-x86_64

Version: 0.1
Check: for non-standard things in the check directory
Result: NOTE
    Found the following files/directories:
     'ascii3d.txt' 'condor_3dMKDE.dat' 'condor_3dMKDE.vtk'
     'condor_3dMKDE.xdmf' 'condor_dem.dat' 'condor_dem.vtk'
     'condor_dem.xdmf' 'condor_locations.vtk' 'condor_path.vtk'
Flavors: r-devel-linux-x86_64-debian-clang, r-devel-linux-x86_64-debian-gcc, r-devel-linux-x86_64-fedora-clang, r-devel-linux-x86_64-fedora-gcc

Version: 0.1
Check: compiled code
Result: NOTE
    File ‘mkde/libs/mkde.so’:
     Found no calls to: ‘R_registerRoutines’, ‘R_useDynamicSymbols’
    
    It is good practice to register native routines and to disable symbol
    search.
    
    See ‘Writing portable packages’ in the ‘Writing R Extensions’ manual.
Flavors: r-devel-linux-x86_64-fedora-clang, r-devel-linux-x86_64-fedora-gcc