Last updated on 2023-12-05 23:05:27 CET.
Flavor | Version | Tinstall | Tcheck | Ttotal | Status | Flags |
---|---|---|---|---|---|---|
r-devel-linux-x86_64-debian-clang | 0.5.1 | 20.21 | 154.09 | 174.30 | NOTE | |
r-devel-linux-x86_64-debian-gcc | 0.5.1 | 15.95 | 112.39 | 128.34 | NOTE | |
r-devel-linux-x86_64-fedora-clang | 0.5.1 | 226.81 | NOTE | |||
r-devel-linux-x86_64-fedora-gcc | 0.5.1 | 203.04 | NOTE | |||
r-devel-windows-x86_64 | 0.5.1 | 21.00 | 119.00 | 140.00 | NOTE | |
r-patched-linux-x86_64 | 0.5.1 | 14.86 | 142.71 | 157.57 | OK | |
r-release-linux-x86_64 | 0.5.1 | 15.58 | 146.62 | 162.20 | OK | |
r-release-macos-arm64 | 0.5.1 | 59.00 | OK | |||
r-release-macos-x86_64 | 0.5.1 | 144.00 | OK | |||
r-release-windows-x86_64 | 0.5.1 | 25.00 | 148.00 | 173.00 | OK | |
r-oldrel-macos-arm64 | 0.5.1 | 57.00 | OK | |||
r-oldrel-macos-x86_64 | 0.5.1 | 79.00 | OK | |||
r-oldrel-windows-x86_64 | 0.5.1 | 25.00 | 149.00 | 174.00 | OK |
Version: 0.5.1
Check: Rd contents
Result: NOTE
Argument items with no description in Rd file 'mlVARsim0.Rd':
‘nPerson’ ‘nNode’ ‘nTime’ ‘sparsity’ ‘parRange’ ‘propPositive’
‘diagPositive’ ‘diagIncluded’ ‘sdRange’ ‘shrinkFactor’
‘residualStyle’ ‘residualShared’ ‘residualSDrange’ ‘verbose’
Flavors: r-devel-linux-x86_64-debian-clang, r-devel-linux-x86_64-debian-gcc, r-devel-linux-x86_64-fedora-clang, r-devel-linux-x86_64-fedora-gcc, r-devel-windows-x86_64