CRAN Package Check Results for Package mlearning

Last updated on 2021-11-30 22:54:36 CET.

Flavor Version Tinstall Tcheck Ttotal Status Flags
r-devel-linux-x86_64-debian-clang 1.0-0 10.08 80.90 90.98 NOTE
r-devel-linux-x86_64-debian-gcc 1.0-0 7.57 68.95 76.52 NOTE
r-devel-linux-x86_64-fedora-clang 1.0-0 119.65 NOTE
r-devel-linux-x86_64-fedora-gcc 1.0-0 108.18 NOTE
r-devel-windows-x86_64-new-UL 1.0-0 17.00 122.00 139.00 NOTE
r-devel-windows-x86_64-new-TK 1.0-0 NOTE
r-devel-windows-x86_64-old 1.0-0 15.00 77.00 92.00 NOTE
r-patched-linux-x86_64 1.0-0 9.25 76.26 85.51 NOTE
r-patched-solaris-x86 1.0-0 157.50 NOTE
r-release-linux-x86_64 1.0-0 7.11 77.81 84.92 NOTE
r-release-macos-arm64 1.0-0 NOTE
r-release-macos-x86_64 1.0-0 NOTE
r-release-windows-ix86+x86_64 1.0-0 22.00 76.00 98.00 NOTE
r-oldrel-macos-x86_64 1.0-0 NOTE
r-oldrel-windows-ix86+x86_64 1.0-0 17.00 102.00 119.00 NOTE

Check Details

Version: 1.0-0
Check: dependencies in R code
Result: NOTE
    Unexported objects imported by ':::' calls:
     'MASS:::lda.default' 'MASS:::qda.default'
     'e1071:::naiveBayes.default' 'e1071:::svm.default'
     'randomForest:::randomForest.default'
     See the note in ?`:::` about the use of this operator.
Flavors: r-devel-linux-x86_64-debian-clang, r-devel-linux-x86_64-debian-gcc, r-devel-linux-x86_64-fedora-clang, r-devel-linux-x86_64-fedora-gcc, r-devel-windows-x86_64-new-UL, r-devel-windows-x86_64-new-TK, r-devel-windows-x86_64-old, r-patched-linux-x86_64, r-patched-solaris-x86, r-release-linux-x86_64, r-release-macos-arm64, r-release-macos-x86_64, r-release-windows-ix86+x86_64, r-oldrel-macos-x86_64, r-oldrel-windows-ix86+x86_64

Version: 1.0-0
Check: R code for possible problems
Result: NOTE
    confusionBarplot: no visible global function definition for 'par'
    confusionBarplot: no visible global function definition for 'barplot'
    confusionBarplot: no visible global function definition for 'lines'
    confusionBarplot: no visible global function definition for 'text'
    confusionBarplot: no visible global function definition for 'legend'
    confusionBarplot: no visible global function definition for 'axis'
    confusionImage: no visible global function definition for 'par'
    confusionImage: no visible global function definition for 'image'
    confusionImage: no visible global function definition for 'text'
    confusionImage: no visible global function definition for 'abline'
    confusionImage: no visible global function definition for 'axis'
    confusionImage: no visible global function definition for 'mtext'
    confusionStars: no visible global function definition for 'par'
    confusionStars: no visible global function definition for 'stars'
    confusionStars: no visible global function definition for 'rect'
    Undefined global functions or variables:
     abline axis barplot image legend lines mtext par rect stars text
    Consider adding
     importFrom("graphics", "abline", "axis", "barplot", "image", "legend",
     "lines", "mtext", "par", "rect", "stars", "text")
    to your NAMESPACE file.
Flavors: r-devel-linux-x86_64-debian-clang, r-devel-linux-x86_64-debian-gcc, r-devel-linux-x86_64-fedora-clang, r-devel-linux-x86_64-fedora-gcc, r-devel-windows-x86_64-new-UL, r-devel-windows-x86_64-new-TK, r-devel-windows-x86_64-old, r-patched-linux-x86_64, r-patched-solaris-x86, r-release-linux-x86_64, r-release-macos-arm64, r-release-macos-x86_64, r-release-windows-ix86+x86_64, r-oldrel-macos-x86_64, r-oldrel-windows-ix86+x86_64