CRAN Package Check Results for Package mlergm

Last updated on 2021-05-06 22:55:26 CEST.

Flavor Version Tinstall Tcheck Ttotal Status Flags
r-devel-linux-x86_64-debian-clang 0.7 13.77 126.22 139.99 OK
r-devel-linux-x86_64-debian-gcc 0.7 12.17 91.74 103.91 OK
r-devel-linux-x86_64-fedora-clang 0.7 173.55 OK
r-devel-linux-x86_64-fedora-gcc 0.7 173.62 OK
r-devel-windows-ix86+x86_64 0.7 36.00 146.00 182.00 OK
r-devel-windows-x86_64-gcc10-UCRT 0.7 OK
r-patched-linux-x86_64 0.7 17.20 118.40 135.60 OK
r-patched-solaris-x86 0.7 230.50 OK
r-release-linux-x86_64 0.7 12.62 117.05 129.67 OK
r-release-macos-x86_64 0.7 OK
r-release-windows-ix86+x86_64 0.7 22.00 118.00 140.00 OK
r-oldrel-macos-x86_64 0.7 ERROR
r-oldrel-windows-ix86+x86_64 0.5 36.00 150.00 186.00 OK

Check Details

Version: 0.7
Check: whether package can be installed
Result: ERROR
    Installation failed.
Flavor: r-oldrel-macos-x86_64