CRAN Package Check Results for Package mlflow

Last updated on 2021-12-07 22:59:36 CET.

Flavor Version Tinstall Tcheck Ttotal Status Flags
r-devel-linux-x86_64-debian-clang 1.21.0 8.91 88.31 97.22 OK
r-devel-linux-x86_64-debian-gcc 1.21.0 8.68 69.64 78.32 OK
r-devel-linux-x86_64-fedora-clang 1.22.0 123.21 NOTE
r-devel-linux-x86_64-fedora-gcc 1.22.0 117.26 NOTE
r-devel-windows-x86_64-new-UL 1.22.0 26.00 121.00 147.00 OK
r-devel-windows-x86_64-new-TK 1.21.0 NOTE
r-devel-windows-x86_64-old 1.21.0 16.00 75.00 91.00 OK
r-patched-linux-x86_64 1.21.0 10.59 87.82 98.41 OK
r-release-linux-x86_64 1.21.0 10.77 87.42 98.19 OK
r-release-macos-arm64 1.22.0 NOTE
r-release-macos-x86_64 1.21.0 NOTE
r-release-windows-ix86+x86_64 1.21.0 15.00 93.00 108.00 OK
r-oldrel-macos-x86_64 1.21.0 NOTE
r-oldrel-windows-ix86+x86_64 1.21.0 24.00 110.00 134.00 OK

Check Details

Version: 1.22.0
Check: dependencies in R code
Result: NOTE
    Namespace in Imports field not imported from: ‘xml2’
     All declared Imports should be used.
Flavors: r-devel-linux-x86_64-fedora-clang, r-devel-linux-x86_64-fedora-gcc, r-release-macos-arm64

Version: 1.21.0
Check: dependencies in R code
Result: NOTE
    Namespace in Imports field not imported from: 'xml2'
     All declared Imports should be used.
Flavors: r-devel-windows-x86_64-new-TK, r-release-macos-x86_64, r-oldrel-macos-x86_64