CRAN Package Check Results for Package mlpack

Last updated on 2021-10-20 23:50:16 CEST.

Flavor Version Tinstall Tcheck Ttotal Status Flags
r-devel-linux-x86_64-debian-clang 3.4.2.1 2190.00 55.22 2245.22 NOTE
r-devel-linux-x86_64-debian-gcc 3.4.2.1 1791.92 44.13 1836.05 NOTE
r-devel-linux-x86_64-fedora-clang 3.4.2.1 3894.06 NOTE
r-devel-linux-x86_64-fedora-gcc 3.4.2.1 3611.45 NOTE
r-devel-windows-x86_64 3.4.2.1 2534.00 249.00 2783.00 NOTE
r-devel-windows-x86_64-gcc10-UCRT 3.4.2.1 NOTE
r-patched-linux-x86_64 3.4.2.1 2047.37 56.95 2104.32 NOTE
r-patched-solaris-x86 3.4.2.1 596.40 ERROR
r-release-linux-x86_64 3.4.2.1 2040.89 56.32 2097.21 NOTE
r-release-macos-arm64 3.4.2.1 NOTE
r-release-macos-x86_64 3.4.2.1 NOTE
r-release-windows-ix86+x86_64 3.4.2.1 3839.00 423.00 4262.00 NOTE
r-oldrel-macos-x86_64 3.4.2.1 NOTE
r-oldrel-windows-ix86+x86_64 3.4.2.1 5250.00 518.00 5768.00 NOTE

Check Details

Version: 3.4.2.1
Check: LazyData
Result: NOTE
     'LazyData' is specified without a 'data' directory
Flavors: r-devel-linux-x86_64-debian-clang, r-devel-linux-x86_64-debian-gcc, r-devel-linux-x86_64-fedora-clang, r-devel-linux-x86_64-fedora-gcc, r-devel-windows-x86_64, r-devel-windows-x86_64-gcc10-UCRT, r-patched-linux-x86_64, r-release-linux-x86_64, r-release-macos-arm64, r-release-macos-x86_64, r-release-windows-ix86+x86_64

Version: 3.4.2.1
Check: installed package size
Result: NOTE
     installed size is 316.8Mb
     sub-directories of 1Mb or more:
     libs 316.4Mb
Flavors: r-devel-linux-x86_64-fedora-clang, r-devel-windows-x86_64, r-release-macos-arm64, r-release-macos-x86_64, r-release-windows-ix86+x86_64, r-oldrel-macos-x86_64, r-oldrel-windows-ix86+x86_64

Version: 3.4.2.1
Check: whether package can be installed
Result: ERROR
    Installation failed.
Flavor: r-patched-solaris-x86