Last updated on 2024-03-27 22:57:51 CET.
Flavor | Version | Tinstall | Tcheck | Ttotal | Status | Flags |
---|---|---|---|---|---|---|
r-devel-linux-x86_64-debian-clang | 2.19.1 | 47.13 | 262.69 | 309.82 | NOTE | |
r-devel-linux-x86_64-debian-gcc | 2.19.1 | 34.90 | 225.28 | 260.18 | NOTE | |
r-devel-linux-x86_64-fedora-clang | 2.19.1 | 468.22 | NOTE | |||
r-devel-linux-x86_64-fedora-gcc | 2.19.1 | 462.62 | NOTE | |||
r-devel-windows-x86_64 | 2.19.1 | 42.00 | 273.00 | 315.00 | NOTE | |
r-patched-linux-x86_64 | 2.19.1 | 58.36 | 303.93 | 362.29 | NOTE | |
r-release-linux-x86_64 | 2.19.1 | 33.11 | 297.51 | 330.62 | NOTE | |
r-release-macos-arm64 | 2.19.1 | 123.00 | NOTE | |||
r-release-macos-x86_64 | 2.19.1 | 254.00 | NOTE | |||
r-release-windows-x86_64 | 2.19.1 | 53.00 | 366.00 | 419.00 | OK | |
r-oldrel-macos-arm64 | 2.19.1 | 110.00 | NOTE | |||
r-oldrel-windows-x86_64 | 2.19.1 | 53.00 | 302.00 | 355.00 | OK |
Version: 2.19.1
Check: package dependencies
Result: NOTE
Package suggested but not available for checking: ‘SwarmSVM’
Flavors: r-devel-linux-x86_64-debian-clang, r-devel-linux-x86_64-debian-gcc, r-devel-linux-x86_64-fedora-clang, r-devel-linux-x86_64-fedora-gcc, r-patched-linux-x86_64, r-release-linux-x86_64
Version: 2.19.1
Check: Rd files
Result: NOTE
checkRd: (-1) aggregations.Rd:30: Lost braces in \itemize; meant \describe ?
checkRd: (-1) aggregations.Rd:31: Lost braces in \itemize; meant \describe ?
checkRd: (-1) aggregations.Rd:32: Lost braces in \itemize; meant \describe ?
checkRd: (-1) aggregations.Rd:33: Lost braces in \itemize; meant \describe ?
checkRd: (-1) aggregations.Rd:34: Lost braces in \itemize; meant \describe ?
checkRd: (-1) aggregations.Rd:35: Lost braces in \itemize; meant \describe ?
checkRd: (-1) aggregations.Rd:36: Lost braces in \itemize; meant \describe ?
checkRd: (-1) aggregations.Rd:37: Lost braces in \itemize; meant \describe ?
checkRd: (-1) aggregations.Rd:38: Lost braces in \itemize; meant \describe ?
checkRd: (-1) aggregations.Rd:39: Lost braces in \itemize; meant \describe ?
checkRd: (-1) aggregations.Rd:40: Lost braces in \itemize; meant \describe ?
checkRd: (-1) aggregations.Rd:41: Lost braces in \itemize; meant \describe ?
checkRd: (-1) aggregations.Rd:42: Lost braces in \itemize; meant \describe ?
checkRd: (-1) aggregations.Rd:43: Lost braces in \itemize; meant \describe ?
checkRd: (-1) aggregations.Rd:44-46: Lost braces in \itemize; meant \describe ?
checkRd: (-1) aggregations.Rd:47-49: Lost braces in \itemize; meant \describe ?
checkRd: (-1) aggregations.Rd:50-54: Lost braces in \itemize; meant \describe ?
Flavors: r-devel-linux-x86_64-debian-clang, r-devel-linux-x86_64-debian-gcc, r-devel-linux-x86_64-fedora-clang, r-devel-linux-x86_64-fedora-gcc, r-devel-windows-x86_64
Version: 2.19.1
Check: installed package size
Result: NOTE
installed size is 5.0Mb
sub-directories of 1Mb or more:
R 1.4Mb
data 2.3Mb
Flavors: r-devel-linux-x86_64-fedora-clang, r-release-macos-arm64, r-release-macos-x86_64, r-oldrel-macos-arm64
Version: 2.19.1
Check: package dependencies
Result: NOTE
Package suggested but not available for checking: ‘Rmpi’
Flavors: r-release-macos-arm64, r-release-macos-x86_64, r-oldrel-macos-arm64