CRAN Package Check Results for Package mlr3db

Last updated on 2025-01-16 22:50:01 CET.

Flavor Version Tinstall Tcheck Ttotal Status Flags
r-devel-linux-x86_64-debian-clang 0.5.2 4.41 113.30 117.71 NOTE
r-devel-linux-x86_64-debian-gcc 0.5.2 3.49 82.84 86.33 NOTE
r-devel-linux-x86_64-fedora-clang 0.5.2 187.71 OK
r-devel-linux-x86_64-fedora-gcc 0.5.2 168.99 OK
r-devel-windows-x86_64 0.5.2 6.00 119.00 125.00 NOTE
r-patched-linux-x86_64 0.5.2 6.54 103.70 110.24 OK
r-release-linux-x86_64 0.5.2 4.08 106.10 110.18 OK
r-release-macos-arm64 0.5.2 52.00 OK
r-release-macos-x86_64 0.5.2 81.00 OK
r-release-windows-x86_64 0.5.2 6.00 115.00 121.00 OK
r-oldrel-macos-arm64 0.5.2 55.00 OK
r-oldrel-macos-x86_64 0.5.2 147.00 OK
r-oldrel-windows-x86_64 0.5.2 6.00 155.00 161.00 OK

Check Details

Version: 0.5.2
Check: Rd cross-references
Result: NOTE Found the following Rd file(s) with Rd \link{} targets missing package anchors: as_duckdb_backend.Rd: DataBackendDataTable, as_data_backend, DataBackend, Task as_sqlite_backend.Rd: DataBackendDataTable, as_data_backend, DataBackend, Task Please provide package anchors for all Rd \link{} targets not in the package itself and the base packages. Flavors: r-devel-linux-x86_64-debian-clang, r-devel-linux-x86_64-debian-gcc, r-devel-windows-x86_64