CRAN Package Check Results for Package mlr3tuning

Last updated on 2022-08-12 22:56:02 CEST.

Flavor Version Tinstall Tcheck Ttotal Status Flags
r-devel-linux-x86_64-debian-clang 0.13.1 8.68 476.25 484.93 NOTE
r-devel-linux-x86_64-debian-gcc 0.13.1 8.00 344.18 352.18 NOTE
r-devel-linux-x86_64-fedora-clang 0.13.1 553.48 OK
r-devel-linux-x86_64-fedora-gcc 0.13.1 561.93 OK
r-devel-windows-x86_64 0.13.1 60.00 329.00 389.00 OK
r-patched-linux-x86_64 0.13.1 15.53 435.00 450.53 OK
r-release-linux-x86_64 0.13.1 11.04 426.24 437.28 OK
r-release-macos-arm64 0.13.1 117.00 OK
r-release-macos-x86_64 0.13.1 122.00 OK
r-release-windows-x86_64 0.13.1 45.00 328.00 373.00 OK
r-oldrel-macos-arm64 0.13.1 112.00 OK
r-oldrel-macos-x86_64 0.13.1 128.00 OK
r-oldrel-windows-ix86+x86_64 0.13.1 18.00 346.00 364.00 OK

Check Details

Version: 0.13.1
Check: HTML version of manual
Result: NOTE
    Found the following HTML validation problems:
    ArchiveTuning.html:184:6: Warning: missing </span> before <p>
    ArchiveTuning.html:184:90: Warning: inserting implicit <span>
    ArchiveTuning.html:187:6: Warning: missing </span> before <p>
    ArchiveTuning.html:187:85: Warning: inserting implicit <span>
    ArchiveTuning.html:190:6: Warning: missing </span> before <p>
    ArchiveTuning.html:190:86: Warning: inserting implicit <span>
    ArchiveTuning.html:193:6: Warning: missing </span> before <p>
    ArchiveTuning.html:193:87: Warning: inserting implicit <span>
    ArchiveTuning.html:196:6: Warning: missing </span> before <p>
    ArchiveTuning.html:196:94: Warning: inserting implicit <span>
    ArchiveTuning.html:184:6: Warning: trimming empty <span>
    ArchiveTuning.html:187:6: Warning: trimming empty <span>
    ArchiveTuning.html:190:6: Warning: trimming empty <span>
    ArchiveTuning.html:193:6: Warning: trimming empty <span>
    ArchiveTuning.html:196:6: Warning: trimming empty <span>
    AutoTuner.html:134:6: Warning: missing </span> before <p>
    AutoTuner.html:134:86: Warning: inserting implicit <span>
    AutoTuner.html:137:6: Warning: missing </span> before <p>
    AutoTuner.html:137:84: Warning: inserting implicit <span>
    AutoTuner.html:140:6: Warning: missing </span> before <p>
    AutoTuner.html:140:87: Warning: inserting implicit <span>
    AutoTuner.html:143:6: Warning: missing </span> before <p>
    AutoTuner.html:143:95: Warning: inserting implicit <span>
    AutoTuner.html:146:6: Warning: missing </span> before <p>
    AutoTuner.html:146:85: Warning: inserting implicit <span>
    AutoTuner.html:149:6: Warning: missing </span> before <p>
    AutoTuner.html:149:85: Warning: inserting implicit <span>
    AutoTuner.html:134:6: Warning: trimming empty <span>
    AutoTuner.html:137:6: Warning: trimming empty <span>
    AutoTuner.html:140:6: Warning: trimming empty <span>
    AutoTuner.html:143:6: Warning: trimming empty <span>
    AutoTuner.html:146:6: Warning: trimming empty <span>
    AutoTuner.html:149:6: Warning: trimming empty <span>
    ObjectiveTuning.html:85:6: Warning: missing </span> before <p>
    ObjectiveTuning.html:85:87: Warning: inserting implicit <span>
    ObjectiveTuning.html:88:6: Warning: missing </span> before <p>
    ObjectiveTuning.html:88:90: Warning: inserting implicit <span>
    ObjectiveTuning.html:91:6: Warning: missing </span> before <p>
    ObjectiveTuning.html:91:92: Warning: inserting implicit <span>
    ObjectiveTuning.html:94:6: Warning: missing </span> before <p>
    ObjectiveTuning.html:94:89: Warning: inserting implicit <span>
    ObjectiveTuning.html:97:6: Warning: missing </span> before <p>
    ObjectiveTuning.html:97:88: Warning: inserting implicit <span>
    ObjectiveTuning.html:85:6: Warning: trimming empty <span>
    ObjectiveTuning.html:88:6: Warning: trimming empty <span>
    ObjectiveTuning.html:91:6: Warning: trimming empty <span>
    ObjectiveTuning.html:94:6: Warning: trimming empty <span>
    ObjectiveTuning.html:97:6: Warning: trimming empty <span>
    TunerFromOptimizer.html:56:6: Warning: missing </span> before <p>
    TunerFromOptimizer.html:56:90: Warning: inserting implicit <span>
    TunerFromOptimizer.html:59:6: Warning: missing </span> before <p>
    TunerFromOptimizer.html:59:88: Warning: inserting implicit <span>
    TunerFromOptimizer.html:62:6: Warning: missing </span> before <p>
    TunerFromOptimizer.html:62:89: Warning: inserting implicit <span>
    TunerFromOptimizer.html:56:6: Warning: trimming empty <span>
    TunerFromOptimizer.html:59:6: Warning: trimming empty <span>
    TunerFromOptimizer.html:62:6: Warning: trimming empty <span>
    TuningInstanceMultiCrit.html:84:6: Warning: missing </span> before <p>
    TuningInstanceMultiCrit.html:84:92: Warning: inserting implicit <span>
    TuningInstanceMultiCrit.html:87:6: Warning: missing </span> before <p>
    TuningInstanceMultiCrit.html:87:97: Warning: inserting implicit <span>
    TuningInstanceMultiCrit.html:90:6: Warning: missing </span> before <p>
    TuningInstanceMultiCrit.html:90:93: Warning: inserting implicit <span>
    TuningInstanceMultiCrit.html:93:6: Warning: missing </span> before <p>
    TuningInstanceMultiCrit.html:93:105: Warning: inserting implicit <span>
    TuningInstanceMultiCrit.html:96:6: Warning: missing </span> before <p>
    TuningInstanceMultiCrit.html:96:92: Warning: inserting implicit <span>
    TuningInstanceMultiCrit.html:84:6: Warning: trimming empty <span>
    TuningInstanceMultiCrit.html:87:6: Warning: trimming empty <span>
    TuningInstanceMultiCrit.html:90:6: Warning: trimming empty <span>
    TuningInstanceMultiCrit.html:93:6: Warning: trimming empty <span>
    TuningInstanceMultiCrit.html:96:6: Warning: trimming empty <span>
    TuningInstanceSingleCrit.html:84:6: Warning: missing </span> before <p>
    TuningInstanceSingleCrit.html:84:92: Warning: inserting implicit <span>
    TuningInstanceSingleCrit.html:87:6: Warning: missing </span> before <p>
    TuningInstanceSingleCrit.html:87:97: Warning: inserting implicit <span>
    TuningInstanceSingleCrit.html:90:6: Warning: missing </span> before <p>
    TuningInstanceSingleCrit.html:90:93: Warning: inserting implicit <span>
    TuningInstanceSingleCrit.html:93:6: Warning: missing </span> before <p>
    TuningInstanceSingleCrit.html:93:105: Warning: inserting implicit <span>
    TuningInstanceSingleCrit.html:96:6: Warning: missing </span> before <p>
    TuningInstanceSingleCrit.html:96:92: Warning: inserting implicit <span>
    TuningInstanceSingleCrit.html:84:6: Warning: trimming empty <span>
    TuningInstanceSingleCrit.html:87:6: Warning: trimming empty <span>
    TuningInstanceSingleCrit.html:90:6: Warning: trimming empty <span>
    TuningInstanceSingleCrit.html:93:6: Warning: trimming empty <span>
    TuningInstanceSingleCrit.html:96:6: Warning: trimming empty <span>
    mlr_tuners_cmaes.html:106:6: Warning: missing </span> before <p>
    mlr_tuners_cmaes.html:106:90: Warning: inserting implicit <span>
    mlr_tuners_cmaes.html:109:6: Warning: missing </span> before <p>
    mlr_tuners_cmaes.html:109:88: Warning: inserting implicit <span>
    mlr_tuners_cmaes.html:112:6: Warning: missing </span> before <p>
    mlr_tuners_cmaes.html:112:89: Warning: inserting implicit <span>
    mlr_tuners_cmaes.html:115:6: Warning: missing </span> before <p>
    mlr_tuners_cmaes.html:115:105: Warning: inserting implicit <span>
    mlr_tuners_cmaes.html:106:6: Warning: trimming empty <span>
    mlr_tuners_cmaes.html:109:6: Warning: trimming empty <span>
    mlr_tuners_cmaes.html:112:6: Warning: trimming empty <span>
    mlr_tuners_cmaes.html:115:6: Warning: trimming empty <span>
    mlr_tuners_design_points.html:118:6: Warning: missing </span> before <p>
    mlr_tuners_design_points.html:118:90: Warning: inserting implicit <span>
    mlr_tuners_design_points.html:121:6: Warning: missing </span> before <p>
    mlr_tuners_design_points.html:121:88: Warning: inserting implicit <span>
    mlr_tuners_design_points.html:124:6: Warning: missing </span> before <p>
    mlr_tuners_design_points.html:124:89: Warning: inserting implicit <span>
    mlr_tuners_design_points.html:127:6: Warning: missing </span> before <p>
    mlr_tuners_design_points.html:127:105: Warning: inserting implicit <span>
    mlr_tuners_design_points.html:118:6: Warning: trimming empty <span>
    mlr_tuners_design_points.html:121:6: Warning: trimming empty <span>
    mlr_tuners_design_points.html:124:6: Warning: trimming empty <span>
    mlr_tuners_design_points.html:127:6: Warning: trimming empty <span>
    mlr_tuners_gensa.html:124:6: Warning: missing </span> before <p>
    mlr_tuners_gensa.html:124:90: Warning: inserting implicit <span>
    mlr_tuners_gensa.html:127:6: Warning: missing </span> before <p>
    mlr_tuners_gensa.html:127:88: Warning: inserting implicit <span>
    mlr_tuners_gensa.html:130:6: Warning: missing </span> before <p>
    mlr_tuners_gensa.html:130:89: Warning: inserting implicit <span>
    mlr_tuners_gensa.html:133:6: Warning: missing </span> before <p>
    mlr_tuners_gensa.html:133:105: Warning: inserting implicit <span>
    mlr_tuners_gensa.html:124:6: Warning: trimming empty <span>
    mlr_tuners_gensa.html:127:6: Warning: trimming empty <span>
    mlr_tuners_gensa.html:130:6: Warning: trimming empty <span>
    mlr_tuners_gensa.html:133:6: Warning: trimming empty <span>
    mlr_tuners_grid_search.html:125:6: Warning: missing </span> before <p>
    mlr_tuners_grid_search.html:125:90: Warning: inserting implicit <span>
    mlr_tuners_grid_search.html:128:6: Warning: missing </span> before <p>
    mlr_tuners_grid_search.html:128:88: Warning: inserting implicit <span>
    mlr_tuners_grid_search.html:131:6: Warning: missing </span> before <p>
    mlr_tuners_grid_search.html:131:92: Warning: inserting implicit <span>
    mlr_tuners_grid_search.html:134:6: Warning: missing </span> before <p>
    mlr_tuners_grid_search.html:134:89: Warning: inserting implicit <span>
    mlr_tuners_grid_search.html:125:6: Warning: trimming empty <span>
    mlr_tuners_grid_search.html:128:6: Warning: trimming empty <span>
    mlr_tuners_grid_search.html:131:6: Warning: trimming empty <span>
    mlr_tuners_grid_search.html:134:6: Warning: trimming empty <span>
    mlr_tuners_irace.html:140:6: Warning: missing </span> before <p>
    mlr_tuners_irace.html:140:90: Warning: inserting implicit <span>
    mlr_tuners_irace.html:143:6: Warning: missing </span> before <p>
    mlr_tuners_irace.html:143:88: Warning: inserting implicit <span>
    mlr_tuners_irace.html:146:6: Warning: missing </span> before <p>
    mlr_tuners_irace.html:146:89: Warning: inserting implicit <span>
    mlr_tuners_irace.html:140:6: Warning: trimming empty <span>
    mlr_tuners_irace.html:143:6: Warning: trimming empty <span>
    mlr_tuners_irace.html:146:6: Warning: trimming empty <span>
    mlr_tuners_nloptr.html:133:6: Warning: missing </span> before <p>
    mlr_tuners_nloptr.html:133:90: Warning: inserting implicit <span>
    mlr_tuners_nloptr.html:136:6: Warning: missing </span> before <p>
    mlr_tuners_nloptr.html:136:88: Warning: inserting implicit <span>
    mlr_tuners_nloptr.html:139:6: Warning: missing </span> before <p>
    mlr_tuners_nloptr.html:139:89: Warning: inserting implicit <span>
    mlr_tuners_nloptr.html:142:6: Warning: missing </span> before <p>
    mlr_tuners_nloptr.html:142:105: Warning: inserting implicit <span>
    mlr_tuners_nloptr.html:133:6: Warning: trimming empty <span>
    mlr_tuners_nloptr.html:136:6: Warning: trimming empty <span>
    mlr_tuners_nloptr.html:139:6: Warning: trimming empty <span>
    mlr_tuners_nloptr.html:142:6: Warning: trimming empty <span>
    mlr_tuners_random_search.html:114:6: Warning: missing </span> before <p>
    mlr_tuners_random_search.html:114:90: Warning: inserting implicit <span>
    mlr_tuners_random_search.html:117:6: Warning: missing </span> before <p>
    mlr_tuners_random_search.html:117:88: Warning: inserting implicit <span>
    mlr_tuners_random_search.html:120:6: Warning: missing </span> before <p>
    mlr_tuners_random_search.html:120:89: Warning: inserting implicit <span>
    mlr_tuners_random_search.html:123:6: Warning: missing </span> before <p>
    mlr_tuners_random_search.html:123:105: Warning: inserting implicit <span>
    mlr_tuners_random_search.html:114:6: Warning: trimming empty <span>
    mlr_tuners_random_search.html:117:6: Warning: trimming empty <span>
    mlr_tuners_random_search.html:120:6: Warning: trimming empty <span>
    mlr_tuners_random_search.html:123:6: Warning: trimming empty <span>
Flavors: r-devel-linux-x86_64-debian-clang, r-devel-linux-x86_64-debian-gcc