CRAN Package Check Results for Package mlr3verse

Last updated on 2021-06-18 22:54:34 CEST.

Flavor Version Tinstall Tcheck Ttotal Status Flags
r-devel-linux-x86_64-debian-clang 0.2.1 14.97 141.95 156.92 NOTE
r-devel-linux-x86_64-debian-gcc 0.2.1 11.53 98.18 109.71 NOTE
r-devel-linux-x86_64-fedora-clang 0.2.1 187.24 NOTE
r-devel-linux-x86_64-fedora-gcc 0.2.1 164.30 NOTE
r-devel-windows-x86_64 0.2.1 20.00 145.00 165.00 NOTE
r-devel-windows-x86_64-gcc10-UCRT 0.2.1 NOTE
r-patched-linux-x86_64 0.2.1 16.49 123.09 139.58 NOTE
r-patched-solaris-x86 0.2.1 255.80 NOTE
r-release-linux-x86_64 0.2.1 11.90 123.09 134.99 NOTE
r-release-macos-arm64 0.2.1 NOTE
r-release-macos-x86_64 0.2.1 NOTE
r-release-windows-ix86+x86_64 0.2.1 33.00 147.00 180.00 NOTE
r-oldrel-macos-x86_64 0.2.1 OK
r-oldrel-windows-ix86+x86_64 0.2.1 27.00 153.00 180.00 OK

Check Details

Version: 0.2.1
Check: LazyData
Result: NOTE
     'LazyData' is specified without a 'data' directory
Flavors: r-devel-linux-x86_64-debian-clang, r-devel-linux-x86_64-debian-gcc, r-devel-linux-x86_64-fedora-clang, r-devel-linux-x86_64-fedora-gcc, r-devel-windows-x86_64, r-devel-windows-x86_64-gcc10-UCRT, r-patched-linux-x86_64, r-patched-solaris-x86, r-release-linux-x86_64, r-release-macos-arm64, r-release-macos-x86_64, r-release-windows-ix86+x86_64