CRAN Package Check Results for Package mlr3viz

Last updated on 2021-05-12 22:53:36 CEST.

Flavor Version Tinstall Tcheck Ttotal Status Flags
r-devel-linux-x86_64-debian-clang 0.5.3 6.73 173.40 180.13 NOTE
r-devel-linux-x86_64-debian-gcc 0.5.3 4.81 127.55 132.36 NOTE
r-devel-linux-x86_64-fedora-clang 0.5.3 216.89 NOTE
r-devel-linux-x86_64-fedora-gcc 0.5.3 203.79 NOTE
r-devel-windows-ix86+x86_64 0.5.3 15.00 123.00 138.00 NOTE
r-devel-windows-x86_64-gcc10-UCRT 0.5.3 NOTE
r-patched-linux-x86_64 0.5.3 6.35 156.91 163.26 NOTE
r-patched-solaris-x86 0.5.3 251.90 NOTE
r-release-linux-x86_64 0.5.3 5.30 159.48 164.78 OK
r-release-macos-x86_64 0.5.3 OK
r-release-windows-ix86+x86_64 0.5.3 11.00 175.00 186.00 OK
r-oldrel-macos-x86_64 0.5.3 OK
r-oldrel-windows-ix86+x86_64 0.5.3 13.00 166.00 179.00 OK

Check Details

Version: 0.5.3
Check: LazyData
Result: NOTE
     'LazyData' is specified without a 'data' directory
Flavors: r-devel-linux-x86_64-debian-clang, r-devel-linux-x86_64-debian-gcc, r-devel-linux-x86_64-fedora-clang, r-devel-linux-x86_64-fedora-gcc, r-devel-windows-ix86+x86_64, r-devel-windows-x86_64-gcc10-UCRT, r-patched-linux-x86_64, r-patched-solaris-x86