CRAN Package Check Results for Package mlrCPO

Last updated on 2021-05-14 23:50:52 CEST.

Flavor Version Tinstall Tcheck Ttotal Status Flags
r-devel-linux-x86_64-debian-clang 0.3.7-2 28.90 370.01 398.91 NOTE
r-devel-linux-x86_64-debian-gcc 0.3.7-2 21.55 274.91 296.46 NOTE
r-devel-linux-x86_64-fedora-clang 0.3.7-2 275.06 NOTE
r-devel-linux-x86_64-fedora-gcc 0.3.7-2 254.83 NOTE
r-devel-windows-ix86+x86_64 0.3.7-2 54.00 345.00 399.00 NOTE
r-devel-windows-x86_64-gcc10-UCRT 0.3.7-2 NOTE
r-patched-linux-x86_64 0.3.7-2 42.93 363.13 406.06 NOTE
r-patched-solaris-x86 0.3.7-2 549.30 NOTE
r-release-linux-x86_64 0.3.7-2 25.60 350.09 375.69 OK
r-release-macos-x86_64 0.3.7-2 OK
r-release-windows-ix86+x86_64 0.3.7-2 41.00 441.00 482.00 OK
r-oldrel-macos-x86_64 0.3.7-2 OK
r-oldrel-windows-ix86+x86_64 0.3.7-2 33.00 445.00 478.00 OK

Check Details

Version: 0.3.7-2
Check: LazyData
Result: NOTE
     'LazyData' is specified without a 'data' directory
Flavors: r-devel-linux-x86_64-debian-clang, r-devel-linux-x86_64-debian-gcc, r-devel-linux-x86_64-fedora-clang, r-devel-linux-x86_64-fedora-gcc, r-devel-windows-ix86+x86_64, r-devel-windows-x86_64-gcc10-UCRT, r-patched-linux-x86_64, r-patched-solaris-x86

Version: 0.3.7-2
Check: package dependencies
Result: NOTE
    Package suggested but not available for checking: ‘mRMRe’
Flavors: r-devel-linux-x86_64-fedora-clang, r-devel-linux-x86_64-fedora-gcc

Version: 0.3.7-2
Check: package dependencies
Result: NOTE
    Packages suggested but not available for checking: 'mRMRe', 'FSelector'
Flavor: r-patched-solaris-x86