CRAN Package Check Results for Package mlrintermbo

Last updated on 2024-03-02 22:41:59 CET.

Flavor Version Tinstall Tcheck Ttotal Status Flags
r-devel-linux-x86_64-debian-clang 0.5.0 5.63 376.31 381.94 NOTE
r-devel-linux-x86_64-debian-gcc 0.5.0 3.02 284.97 287.99 NOTE
r-devel-linux-x86_64-fedora-clang 0.5.0 468.83 NOTE
r-devel-linux-x86_64-fedora-gcc 0.5.0 450.47 NOTE
r-devel-windows-x86_64 0.5.0 6.00 273.00 279.00 NOTE
r-patched-linux-x86_64 0.5.0 5.54 373.35 378.89 NOTE
r-release-linux-x86_64 0.5.0 3.42 358.75 362.17 NOTE
r-release-macos-arm64 0.5.0 144.00 NOTE
r-release-macos-x86_64 0.5.0 255.00 NOTE
r-release-windows-x86_64 0.5.0 7.00 411.00 418.00 NOTE
r-oldrel-macos-arm64 0.5.0 311.00 NOTE
r-oldrel-windows-x86_64 0.5.0 7.00 429.00 436.00 NOTE

Check Details

Version: 0.5.0
Check: package subdirectories
Result: NOTE Problems with news in ‘NEWS.md’: No news entries found. Flavors: r-devel-linux-x86_64-debian-clang, r-devel-linux-x86_64-debian-gcc, r-devel-linux-x86_64-fedora-clang, r-devel-linux-x86_64-fedora-gcc, r-devel-windows-x86_64, r-patched-linux-x86_64, r-release-linux-x86_64, r-release-macos-arm64, r-release-macos-x86_64, r-release-windows-x86_64

Version: 0.5.0
Check: LazyData
Result: NOTE 'LazyData' is specified without a 'data' directory Flavors: r-devel-linux-x86_64-debian-clang, r-devel-linux-x86_64-debian-gcc, r-devel-linux-x86_64-fedora-clang, r-devel-linux-x86_64-fedora-gcc, r-devel-windows-x86_64, r-patched-linux-x86_64, r-release-linux-x86_64, r-release-macos-arm64, r-release-macos-x86_64, r-release-windows-x86_64, r-oldrel-macos-arm64, r-oldrel-windows-x86_64