CRAN Package Check Results for Package mlrintermbo

Last updated on 2021-09-25 22:54:12 CEST.

Flavor Version Tinstall Tcheck Ttotal Status Flags
r-devel-linux-x86_64-debian-clang 0.5.0 4.15 390.17 394.32 NOTE
r-devel-linux-x86_64-debian-gcc 0.5.0 3.60 278.54 282.14 NOTE
r-devel-linux-x86_64-fedora-clang 0.5.0 459.01 NOTE
r-devel-linux-x86_64-fedora-gcc 0.5.0 461.27 NOTE
r-devel-windows-x86_64 0.5.0 6.00 262.00 268.00 NOTE
r-devel-windows-x86_64-gcc10-UCRT 0.5.0 NOTE
r-patched-linux-x86_64 0.5.0 3.77 364.59 368.36 NOTE
r-patched-solaris-x86 0.5.0 594.30 NOTE
r-release-linux-x86_64 0.5.0 4.16 360.08 364.24 NOTE
r-release-macos-arm64 0.5.0 NOTE
r-release-macos-x86_64 0.5.0 NOTE
r-release-windows-ix86+x86_64 0.5.0 10.00 267.00 277.00 NOTE
r-oldrel-macos-x86_64 0.5.0 OK
r-oldrel-windows-ix86+x86_64 0.5.0 8.00 266.00 274.00 OK

Check Details

Version: 0.5.0
Check: LazyData
Result: NOTE
     'LazyData' is specified without a 'data' directory
Flavors: r-devel-linux-x86_64-debian-clang, r-devel-linux-x86_64-debian-gcc, r-devel-linux-x86_64-fedora-clang, r-devel-linux-x86_64-fedora-gcc, r-devel-windows-x86_64, r-devel-windows-x86_64-gcc10-UCRT, r-patched-linux-x86_64, r-patched-solaris-x86, r-release-linux-x86_64, r-release-macos-arm64, r-release-macos-x86_64, r-release-windows-ix86+x86_64