CRAN Package Check Results for Package mlt.docreg

Last updated on 2019-10-16 22:56:03 CEST.

Flavor Version Tinstall Tcheck Ttotal Status Flags
r-devel-linux-x86_64-debian-clang 1.0-3 6.73 424.82 431.55 OK
r-devel-linux-x86_64-debian-gcc 1.0-3 6.43 312.62 319.05 OK
r-devel-linux-x86_64-fedora-clang 1.0-3 523.71 OK
r-devel-linux-x86_64-fedora-gcc 1.0-3 531.96 OK
r-devel-windows-ix86+x86_64 1.0-3 20.00 570.00 590.00 OK
r-patched-linux-x86_64 1.0-3 6.47 437.99 444.46 OK
r-patched-solaris-x86 1.0-3 978.90 WARN
r-release-linux-x86_64 1.0-3 5.65 432.93 438.58 OK
r-release-windows-ix86+x86_64 1.0-3 14.00 576.00 590.00 OK
r-release-osx-x86_64 1.0-3 OK
r-oldrel-windows-ix86+x86_64 1.0-3 8.00 403.00 411.00 OK
r-oldrel-osx-x86_64 1.0-3 OK

Check Details

Version: 1.0-3
Check: re-building of vignette outputs
Result: WARN
    Error(s) in re-building vignettes:
     ...
    --- re-building ‘mlt.Rnw’ using knitr
    Loading required package: basefun
    Loading required package: variables
    Loading required package: maxLik
    Loading required package: miscTools
    
    Please cite the 'maxLik' package as:
    Henningsen, Arne and Toomet, Ott (2011). maxLik: A package for maximum likelihood estimation in R. Computational Statistics 26(3), 443-458. DOI 10.1007/s00180-010-0217-1.
    
    If you have questions, suggestions, or comments regarding the 'maxLik' package, please use a forum or 'tracker' at maxLik's R-Forge site:
    https://r-forge.r-project.org/projects/maxlik/
    Loading required package: tools
    
    Attaching package: 'flexsurv'
    
    The following objects are masked from 'package:eha':
    
     Hgompertz, Hllogis, Hlnorm, Hweibull, dgompertz, dllogis,
     hgompertz, hllogis, hlnorm, hweibull, pgompertz, pllogis,
     qgompertz, qllogis, rgompertz, rllogis
    
    
    Attaching package: 'grid'
    
    The following object is masked from 'package:variables':
    
     unit
    
    Loading required package: RColorBrewer
    Loading required package: mvtnorm
    Loading required package: TH.data
    
    Attaching package: 'TH.data'
    
    The following object is masked from 'package:HSAUR3':
    
     birds
    
    The following object is masked from 'package:MASS':
    
     geyser
    
    trying URL 'https://zenodo.org/record/17179/files/DVC.tgz'
    Content type 'application/octet-stream' length 2292581 bytes (2.2 MB)
    ==================================================
    downloaded 2.2 MB
    
    Warning: contrasts dropped from factor R_health
    Warning: contrasts dropped from factor R_health
    Warning: contrasts dropped from factor R_health
    Warning: contrasts dropped from factor R_health
    
    warning: solve(): system seems singular; attempting approx solution
    Warning: contrasts dropped from factor R_health
    Warning: contrasts dropped from factor R_health
    Warning: contrasts dropped from factor R_health
    Warning: contrasts dropped from factor R_health
    Loading required package: nlme
    
    Attaching package: 'nlme'
    
    The following object is masked from 'package:mlt':
    
     coef<-
    
    This is mgcv 1.8-29. For overview type 'help("mgcv-package")'.
    
    Attaching package: 'mgcv'
    
    The following object is masked from 'package:nnet':
    
     multinom
    
    
    Re-fitting to get Hessian
    
    
    Re-fitting to get Hessian
    
    
    Re-fitting to get Hessian
    
    Error: processing vignette 'mlt.Rnw' failed with diagnostics:
    Running 'texi2dvi' on 'mlt.tex' failed.
    LaTeX errors:
    ! Paragraph ended before \@tempa was complete.
    <to be read again>
     \par
    l.466
    
    ! Extra }, or forgotten \endgroup.
    l.467 }
    
    I've deleted a group-closing symbol because it seems to be
    spurious, as in `$x}$'. But perhaps the } is legitimate and
    ! LaTeX Error: \begin{Schunk} on input line 462 ended by \end{center}.
    
    See the LaTeX manual or LaTeX Companion for explanation.
    Type H <return> for immediate help.
     ...
    ! Extra }, or forgotten \endgroup.
    \color@endbox ->\color@endgroup \egroup
    
    l.475 \end{figure}
    
    ! You can't use `\vadjust' in internal vertical mode.
    \end@float ...nalty \@floatpenalty \else \vadjust
     {\penalty -\@Miv \vbox {}\...
    l.475 \end{figure}
    
    ! LaTeX Error: \begin{center} on input line 461 ended by \end{figure}.
    
    See the LaTeX manual or LaTeX Companion for explanation.
    Type H <return> for immediate help.
     ...
    ! LaTeX Error: Not in outer par mode.
    
    See the LaTeX manual or LaTeX Companion for explanation.
    Type H <return> for immediate help.
     ...
    ! Paragraph ended before \@tempa was complete.
    <to be read again>
     \par
    l.712
    
    ! Extra }, or forgotten \endgroup.
    l.713 }
    
    I've deleted a group-closing symbol because it seems to be
    spurious, as in `$x}$'. But perhaps the } is legitimate and
    ! LaTeX Error: \begin{Schunk} on input line 708 ended by \end{center}.
    
    See the LaTeX manual or LaTeX Companion for explanation.
    Type H <return> for immediate help.
     ...
    ! Extra }, or forgotten \endgroup.
    \color@endbox ->\color@endgroup \egroup
    
    l.722 \end{figure}
    
    ! LaTeX Error: \begin{center} on input line 707 ended by \end{figure}.
    
    See the LaTeX manual or LaTeX Companion for explanation.
    Type H <return> for immediate help.
     ...
    ! LaTeX Error: Not in outer par mode.
    
    See the LaTeX manual or LaTeX Companion for explanation.
    Type H <return> for immediate help.
     ...
    ! Paragraph ended before \@tempa was complete.
    <to be read again>
     \par
    l.791
    
    ! Extra }, or forgotten \endgroup.
    l.792 }
    
    I've deleted a group-closing symbol because it seems to be
    spurious, as in `$x}$'. But perhaps the } is legitimate and
    ! LaTeX Error: \begin{Schunk} on input line 787 ended by \end{center}.
    
    See the LaTeX manual or LaTeX Companion for explanation.
    Type H <return> for immediate help.
     ...
    ! Extra }, or forgotten \endgroup.
    \color@endbox ->\color@endgroup \egroup
    
    l.801 \end{figure}
    
    ! LaTeX Error: \begin{center} on input line 786 ended by \end{figure}.
    
    See the LaTeX manual or LaTeX Companion for explanation.
    Type H <return> for immediate help.
     ...
    ! LaTeX Error: Not in outer par mode.
    
    See the LaTeX manual or LaTeX Companion for explanation.
    Type H <return> for immediate help.
     ...
    ! Paragraph ended before \@tempa was complete.
    <to be read again>
     \par
    l.1015
    
    ! Extra }, or forgotten \endgroup.
    l.1016 }
    
    I've deleted a group-closing symbol because it seems to be
    spurious, as in `$x}$'. But perhaps the } is legitimate and
    ! LaTeX Error: \begin{Schunk} on input line 1011 ended by \end{center}.
    
    See the LaTeX manual or LaTeX Companion for explanation.
    Type H <return> for immediate help.
     ...
    ! Extra }, or forgotten \endgroup.
    \color@endbox ->\color@endgroup \egroup
    
    l.1029 \end{figure}
    
    ! LaTeX Error: \begin{center} on input line 1010 ended by \end{figure}.
    
    See the LaTeX manual or LaTeX Companion for explanation.
    Type H <return> for immediate help.
     ...
    ! LaTeX Error: Not in outer par mode.
    
    See the LaTeX manual or LaTeX Companion for explanation.
    Type H <return> for immediate help.
     ...
    ! Paragraph ended before \@tempa was complete.
    <to be read again>
     \par
    l.1086
    
    ! Extra }, or forgotten \endgroup.
    l.1087 }
    
    I've deleted a group-closing symbol because it seems to be
    spurious, as in `$x}$'. But perhaps the } is legitimate and
    ! LaTeX Error: \begin{Schunk} on input line 1082 ended by \end{center}.
    
    See the LaTeX manual or LaTeX Companion for explanation.
    Type H <return> for immediate help.
     ...
    ! Extra }, or forgotten \endgroup.
    \color@endbox ->\color@endgroup \egroup
    
    l.1095 \end{figure}
    
    ! LaTeX Error: \begin{center} on input line 1081 ended by \end{figure}.
    
    See the LaTeX manual or LaTeX Companion for explanation.
    Type H <return> for immediate help.
     ...
    ! LaTeX Error: Not in outer par mode.
    
    See the LaTeX manual or LaTeX Companion for explanation.
    Type H <return> for immediate help.
     ...
    ! Paragraph ended before \@tempa was complete.
    <to be read again>
     \par
    l.1332
    
    ! Extra }, or forgotten \endgroup.
    l.1333 }
    
    I've deleted a group-closing symbol because it seems to be
    spurious, as in `$x}$'. But perhaps the } is legitimate and
    ! LaTeX Error: \begin{Schunk} on input line 1328 ended by \end{center}.
    
    See the LaTeX manual or LaTeX Companion for explanation.
    Type H <return> for immediate help.
     ...
    ! Extra }, or forgotten \endgroup.
    \color@endbox ->\color@endgroup \egroup
    
    l.1341 \end{figure}
    
    ! LaTeX Error: \begin{center} on input line 1327 ended by \end{figure}.
    
    See the LaTeX manual or LaTeX Companion for explanation.
    Type H <return> for immediate help.
     ...
    ! LaTeX Error: Not in outer par mode.
    
    See the LaTeX manual or LaTeX Companion for explanation.
    Type H <return> for immediate help.
     ...
    ! Paragraph ended before \@tempa was complete.
    <to be read again>
     \par
    l.1559
    
    ! Extra }, or forgotten \endgroup.
    l.1560 }
    
    I've deleted a group-closing symbol because it seems to be
    spurious, as in `$x}$'. But perhaps the } is legitimate and
    ! LaTeX Error: \begin{Schunk} on input line 1555 ended by \end{center}.
    
    See the LaTeX manual or LaTeX Companion for explanation.
    Type H <return> for immediate help.
     ...
    ! Extra }, or forgotten \endgroup.
    \color@endbox ->\color@endgroup \egroup
    
    l.1568 \end{figure}
    
    ! LaTeX Error: \begin{center} on input line 1554 ended by \end{figure}.
    
    See the LaTeX manual or LaTeX Companion for explanation.
    Type H <return> for immediate help.
     ...
    ! LaTeX Error: Not in outer par mode.
    
    See the LaTeX manual or LaTeX Companion for explanation.
    Type H <return> for immediate help.
     ...
    ! Paragraph ended before \@tempa was complete.
    <to be read again>
     \par
    l.1843
    
    ! Extra }, or forgotten \endgroup.
    l.1844 }
    
    I've deleted a group-closing symbol because it seems to be
    spurious, as in `$x}$'. But perhaps the } is legitimate and
    ! LaTeX Error: \begin{Schunk} on input line 1839 ended by \end{center}.
    
    See the LaTeX manual or LaTeX Companion for explanation.
    Type H <return> for immediate help.
     ...
    ! Extra }, or forg
    --- failed re-building ‘mlt.Rnw’
    
    SUMMARY: processing the following file failed:
     ‘mlt.Rnw’
    
    Error: Vignette re-building failed.
    Execution halted
Flavor: r-patched-solaris-x86