CRAN Package Check Results for Package mmabig

Last updated on 2022-01-27 23:01:09 CET.

Flavor Version Tinstall Tcheck Ttotal Status Flags
r-devel-linux-x86_64-debian-clang 3.0-0 10.54 105.99 116.53 OK
r-devel-linux-x86_64-debian-gcc 3.0-0 9.47 81.40 90.87 OK
r-devel-linux-x86_64-fedora-clang 3.0-0 140.32 OK
r-devel-linux-x86_64-fedora-gcc 3.0-0 134.21 OK
r-devel-windows-x86_64-new-UL 3.0-0 24.00 131.00 155.00 OK
r-devel-windows-x86_64-new-TK 3.0-0 ERROR
r-patched-linux-x86_64 3.0-0 9.23 102.58 111.81 OK
r-release-linux-x86_64 3.0-0 9.39 100.56 109.95 OK
r-release-macos-arm64 3.0-0 OK
r-release-macos-x86_64 3.0-0 OK
r-release-windows-ix86+x86_64 3.0-0 24.00 119.00 143.00 OK
r-oldrel-macos-x86_64 3.0-0 OK
r-oldrel-windows-ix86+x86_64 3.0-0 24.00 116.00 140.00 OK

Check Details

Version: 3.0-0
Check: package dependencies
Result: ERROR
    Packages required but not available: 'mma', 'car'
    
    See section 'The DESCRIPTION file' in the 'Writing R Extensions'
    manual.
Flavor: r-devel-windows-x86_64-new-TK