CRAN Package Check Results for Package mmb

Last updated on 2023-12-03 22:57:13 CET.

Flavor Version Tinstall Tcheck Ttotal Status Flags
r-devel-linux-x86_64-debian-clang 0.13.3 3.47 124.95 128.42 NOTE
r-devel-linux-x86_64-debian-gcc 0.13.3 3.13 92.60 95.73 NOTE
r-devel-linux-x86_64-fedora-clang 0.13.3 158.07 NOTE
r-devel-linux-x86_64-fedora-gcc 0.13.3 164.65 NOTE
r-devel-windows-x86_64 0.13.3 4.00 113.00 117.00 NOTE
r-patched-linux-x86_64 0.13.3 4.11 121.08 125.19 NOTE
r-release-linux-x86_64 0.13.3 2.69 122.28 124.97 NOTE
r-release-macos-arm64 0.13.3 48.00 NOTE
r-release-macos-x86_64 0.13.3 86.00 NOTE
r-release-windows-x86_64 0.13.3 5.00 148.00 153.00 NOTE
r-oldrel-macos-arm64 0.13.3 44.00 NOTE
r-oldrel-macos-x86_64 0.13.3 58.00 NOTE
r-oldrel-windows-x86_64 0.13.3 6.00 146.00 152.00 NOTE

Check Details

Version: 0.13.3
Check: LazyData
Result: NOTE 'LazyData' is specified without a 'data' directory Flavors: r-devel-linux-x86_64-debian-clang, r-devel-linux-x86_64-debian-gcc, r-devel-linux-x86_64-fedora-clang, r-devel-linux-x86_64-fedora-gcc, r-devel-windows-x86_64, r-patched-linux-x86_64, r-release-linux-x86_64, r-release-macos-arm64, r-release-macos-x86_64, r-release-windows-x86_64, r-oldrel-macos-arm64, r-oldrel-macos-x86_64, r-oldrel-windows-x86_64

Version: 0.13.3
Check: dependencies in R code
Result: NOTE Namespaces in Imports field not imported from: ‘datasets’ ‘doParallel’ ‘parallel’ All declared Imports should be used. Flavors: r-devel-linux-x86_64-fedora-clang, r-devel-linux-x86_64-fedora-gcc, r-oldrel-macos-arm64, r-oldrel-macos-x86_64