CRAN Package Check Results for Package mmb

Last updated on 2021-10-22 22:56:38 CEST.

Flavor Version Tinstall Tcheck Ttotal Status Flags
r-devel-linux-x86_64-debian-clang 0.13.3 4.03 116.42 120.45 NOTE
r-devel-linux-x86_64-debian-gcc 0.13.3 3.09 84.27 87.36 NOTE
r-devel-linux-x86_64-fedora-clang 0.13.3 148.25 NOTE
r-devel-linux-x86_64-fedora-gcc 0.13.3 139.42 NOTE
r-devel-windows-x86_64 0.13.3 6.00 152.00 158.00 NOTE
r-devel-windows-x86_64-gcc10-UCRT 0.13.3 NOTE
r-patched-linux-x86_64 0.13.3 4.51 111.46 115.97 NOTE
r-patched-solaris-x86 0.13.3 176.90 NOTE
r-release-linux-x86_64 0.13.3 3.35 112.38 115.73 NOTE
r-release-macos-arm64 0.13.3 NOTE
r-release-macos-x86_64 0.13.3 NOTE
r-release-windows-ix86+x86_64 0.13.3 5.00 164.00 169.00 NOTE
r-oldrel-macos-x86_64 0.13.3 NOTE
r-oldrel-windows-ix86+x86_64 0.13.3 7.00 183.00 190.00 OK

Check Details

Version: 0.13.3
Check: LazyData
Result: NOTE
     'LazyData' is specified without a 'data' directory
Flavors: r-devel-linux-x86_64-debian-clang, r-devel-linux-x86_64-debian-gcc, r-devel-linux-x86_64-fedora-clang, r-devel-linux-x86_64-fedora-gcc, r-devel-windows-x86_64, r-devel-windows-x86_64-gcc10-UCRT, r-patched-linux-x86_64, r-patched-solaris-x86, r-release-linux-x86_64, r-release-macos-arm64, r-release-macos-x86_64, r-release-windows-ix86+x86_64

Version: 0.13.3
Check: dependencies in R code
Result: NOTE
    Namespaces in Imports field not imported from:
     ‘datasets’ ‘doParallel’ ‘parallel’
     All declared Imports should be used.
Flavors: r-devel-linux-x86_64-fedora-clang, r-devel-linux-x86_64-fedora-gcc, r-devel-windows-x86_64-gcc10-UCRT, r-patched-solaris-x86, r-release-macos-arm64, r-release-macos-x86_64, r-oldrel-macos-x86_64