Last updated on 2024-04-22 23:09:56 CEST.
Flavor | Version | Tinstall | Tcheck | Ttotal | Status | Flags |
---|---|---|---|---|---|---|
r-devel-linux-x86_64-debian-clang | 0.1.1 | 349.20 | 85.15 | 434.35 | OK | |
r-devel-linux-x86_64-debian-gcc | 0.1.1 | 277.31 | 59.30 | 336.61 | OK | |
r-devel-linux-x86_64-fedora-clang | 0.1.1 | 696.11 | OK | |||
r-devel-linux-x86_64-fedora-gcc | 0.1.1 | 674.98 | OK | |||
r-prerel-macos-arm64 | 0.1.1 | 118.00 | NOTE | |||
r-prerel-windows-x86_64 | 0.1.1 | 273.00 | 109.00 | 382.00 | OK | |
r-patched-linux-x86_64 | 0.1.1 | 265.05 | 80.92 | 345.97 | OK | |
r-release-linux-x86_64 | 0.1.1 | 255.76 | 78.30 | 334.06 | OK | |
r-release-macos-arm64 | 0.1.1 | 153.00 | NOTE | |||
r-release-macos-x86_64 | 0.1.1 | 249.00 | NOTE | |||
r-release-windows-x86_64 | 0.1.1 | 342.00 | 133.00 | 475.00 | OK | |
r-oldrel-macos-arm64 | 0.1.1 | 129.00 | NOTE | |||
r-oldrel-windows-x86_64 | 0.1.1 | 333.00 | 126.00 | 459.00 | OK |
Version: 0.1.1
Check: installed package size
Result: NOTE
installed size is 16.8Mb
sub-directories of 1Mb or more:
doc 1.3Mb
libs 15.0Mb
Flavors: r-prerel-macos-arm64, r-release-macos-arm64, r-release-macos-x86_64, r-oldrel-macos-arm64