CRAN Package Check Results for Package mmcif

Last updated on 2024-07-18 22:49:59 CEST.

Flavor Version Tinstall Tcheck Ttotal Status Flags
r-devel-linux-x86_64-debian-clang 0.1.1 378.56 85.07 463.63 OK
r-devel-linux-x86_64-debian-gcc 0.1.1 232.75 60.86 293.61 OK
r-devel-linux-x86_64-fedora-clang 0.1.1 684.51 OK
r-devel-linux-x86_64-fedora-gcc 0.1.1 698.54 OK
r-devel-windows-x86_64 0.1.1 278.00 112.00 390.00 NOTE
r-patched-linux-x86_64 0.1.1 314.52 81.69 396.21 OK
r-release-linux-x86_64 0.1.1 213.33 78.49 291.82 OK
r-release-macos-arm64 0.1.1 118.00 NOTE
r-release-macos-x86_64 0.1.1 116.00 NOTE
r-release-windows-x86_64 0.1.1 284.00 110.00 394.00 OK
r-oldrel-macos-arm64 0.1.1 153.00 NOTE
r-oldrel-macos-x86_64 0.1.1 249.00 NOTE
r-oldrel-windows-x86_64 0.1.1 344.00 134.00 478.00 OK

Check Details

Version: 0.1.1
Check: Rd cross-references
Result: NOTE Found the following Rd file(s) with Rd \link{} targets missing package anchors: mmcif_fit.Rd: auglag Please provide package anchors for all Rd \link{} targets not in the package itself and the base packages. Flavor: r-devel-windows-x86_64

Version: 0.1.1
Check: installed package size
Result: NOTE installed size is 16.8Mb sub-directories of 1Mb or more: doc 1.3Mb libs 15.0Mb Flavors: r-release-macos-arm64, r-release-macos-x86_64, r-oldrel-macos-arm64, r-oldrel-macos-x86_64