CRAN Package Check Results for Package mobsim

Last updated on 2021-12-03 22:57:46 CET.

Flavor Version Tinstall Tcheck Ttotal Status Flags
r-devel-linux-x86_64-debian-clang 0.2.0 25.62 87.13 112.75 NOTE
r-devel-linux-x86_64-debian-gcc 0.2.0 18.69 65.53 84.22 NOTE
r-devel-linux-x86_64-fedora-clang 0.2.0 160.73 NOTE
r-devel-linux-x86_64-fedora-gcc 0.2.0 142.46 NOTE
r-devel-windows-x86_64-new-UL 0.2.0 40.00 213.00 253.00 NOTE
r-devel-windows-x86_64-new-TK 0.2.0 NOTE
r-devel-windows-x86_64-old 0.2.0 38.00 96.00 134.00 NOTE
r-patched-linux-x86_64 0.2.0 26.61 95.90 122.51 NOTE
r-release-linux-x86_64 0.2.0 21.11 94.72 115.83 NOTE
r-release-macos-arm64 0.2.0 NOTE
r-release-macos-x86_64 0.2.0 NOTE
r-release-windows-ix86+x86_64 0.2.0 67.00 162.00 229.00 NOTE
r-oldrel-macos-x86_64 0.2.0 NOTE
r-oldrel-windows-ix86+x86_64 0.2.0 68.00 165.00 233.00 OK

Check Details

Version: 0.2.0
Check: LazyData
Result: NOTE
     'LazyData' is specified without a 'data' directory
Flavors: r-devel-linux-x86_64-debian-clang, r-devel-linux-x86_64-debian-gcc, r-devel-linux-x86_64-fedora-clang, r-devel-linux-x86_64-fedora-gcc, r-devel-windows-x86_64-new-UL, r-devel-windows-x86_64-new-TK, r-devel-windows-x86_64-old, r-patched-linux-x86_64, r-release-linux-x86_64, r-release-macos-arm64, r-release-macos-x86_64, r-release-windows-ix86+x86_64

Version: 0.2.0
Check: dependencies in R code
Result: NOTE
    Namespace in Imports field not imported from: ‘sads’
     All declared Imports should be used.
Flavors: r-devel-linux-x86_64-fedora-clang, r-devel-linux-x86_64-fedora-gcc, r-devel-windows-x86_64-new-TK, r-release-macos-arm64, r-release-macos-x86_64, r-oldrel-macos-x86_64