CRAN Package Check Results for Package mockr

Last updated on 2021-07-25 23:00:21 CEST.

Flavor Version Tinstall Tcheck Ttotal Status Flags
r-devel-linux-x86_64-debian-clang 0.1 1.84 24.01 25.85 NOTE
r-devel-linux-x86_64-debian-gcc 0.1 1.34 19.20 20.54 NOTE
r-devel-linux-x86_64-fedora-clang 0.1 40.53 NOTE
r-devel-windows-x86_64 0.1 5.00 41.00 46.00 NOTE
r-devel-windows-x86_64-gcc10-UCRT 0.1 NOTE
r-patched-linux-x86_64 0.1 1.86 23.28 25.14 NOTE
r-patched-solaris-x86 0.1 49.00 NOTE
r-release-linux-x86_64 0.1 1.52 23.72 25.24 NOTE
r-release-macos-arm64 0.1 NOTE
r-release-macos-x86_64 0.1 NOTE
r-release-windows-ix86+x86_64 0.1 5.00 29.00 34.00 NOTE
r-oldrel-macos-x86_64 0.1 OK
r-oldrel-windows-ix86+x86_64 0.1 4.00 39.00 43.00 OK

Check Details

Version: 0.1
Check: LazyData
Result: NOTE
     'LazyData' is specified without a 'data' directory
Flavors: r-devel-linux-x86_64-debian-clang, r-devel-linux-x86_64-debian-gcc, r-devel-linux-x86_64-fedora-clang, r-devel-windows-x86_64, r-devel-windows-x86_64-gcc10-UCRT, r-patched-linux-x86_64, r-patched-solaris-x86, r-release-linux-x86_64, r-release-macos-arm64, r-release-macos-x86_64, r-release-windows-ix86+x86_64