CRAN Package Check Results for Package modACDC

Last updated on 2024-02-27 23:08:19 CET.

Flavor Version Tinstall Tcheck Ttotal Status Flags
r-devel-linux-x86_64-debian-clang 2.0.1 9.02 68.38 77.40 OK
r-devel-linux-x86_64-debian-gcc 2.0.1 6.16 50.44 56.60 OK
r-devel-linux-x86_64-fedora-clang 2.0.1 91.24 NOTE
r-devel-linux-x86_64-fedora-gcc 2.0.1 86.64 NOTE
r-devel-windows-x86_64 2.0.1 8.00 72.00 80.00 OK
r-patched-linux-x86_64 2.0.1 5.57 64.90 70.47 OK
r-release-linux-x86_64 2.0.1 5.04 65.22 70.26 OK
r-release-macos-arm64 2.0.1 40.00 OK
r-release-macos-x86_64 2.0.1 69.00 OK
r-release-windows-x86_64 2.0.1 10.00 88.00 98.00 OK
r-oldrel-macos-arm64 2.0.1 38.00 OK
r-oldrel-windows-x86_64 2.0.1 10.00 88.00 98.00 OK

Check Details

Version: 2.0.1
Check: dependencies in R code
Result: NOTE Namespace in Imports field not imported from: ‘tibble’ All declared Imports should be used. Flavors: r-devel-linux-x86_64-fedora-clang, r-devel-linux-x86_64-fedora-gcc