Last updated on 2023-09-29 21:53:59 CEST.
Flavor | Version | Tinstall | Tcheck | Ttotal | Status | Flags |
---|---|---|---|---|---|---|
r-devel-linux-x86_64-debian-clang | 1.2.0 | 20.90 | 58.31 | 79.21 | OK | |
r-devel-linux-x86_64-debian-gcc | 1.2.0 | 20.89 | 43.46 | 64.35 | OK | |
r-devel-linux-x86_64-fedora-clang | 1.2.0 | 101.24 | NOTE | |||
r-devel-linux-x86_64-fedora-gcc | 1.2.0 | 99.01 | NOTE | |||
r-devel-windows-x86_64 | 1.2.0 | 24.00 | 70.00 | 94.00 | OK | |
r-patched-linux-x86_64 | 1.2.0 | 20.16 | 55.33 | 75.49 | OK | |
r-release-linux-x86_64 | 1.2.0 | 21.45 | 55.32 | 76.77 | OK | |
r-release-macos-arm64 | 1.2.0 | 39.00 | NOTE | |||
r-release-macos-x86_64 | 1.2.0 | 64.00 | NOTE | |||
r-release-windows-x86_64 | 1.2.0 | 29.00 | 83.00 | 112.00 | OK | |
r-oldrel-macos-arm64 | 1.2.0 | 42.00 | NOTE | |||
r-oldrel-macos-x86_64 | 1.2.0 | 57.00 | OK | |||
r-oldrel-windows-x86_64 | 1.2.0 | 29.00 | 81.00 | 110.00 | OK |
Version: 1.2.0
Check: Rd cross-references
Result: NOTE
Undeclared package ‘caret’ in Rd xrefs
Flavor: r-devel-linux-x86_64-fedora-clang
Version: 1.2.0
Check: data for non-ASCII characters
Result: NOTE
Note: found 313 marked UTF-8 strings
Flavors: r-devel-linux-x86_64-fedora-clang, r-devel-linux-x86_64-fedora-gcc
Version: 1.2.0
Check: installed package size
Result: NOTE
installed size is 5.4Mb
sub-directories of 1Mb or more:
data 5.2Mb
Flavors: r-release-macos-arm64, r-release-macos-x86_64, r-oldrel-macos-arm64