CRAN Package Check Results for Package modelgrid

Last updated on 2020-02-24 22:50:29 CET.

Flavor Version Tinstall Tcheck Ttotal Status Flags
r-devel-linux-x86_64-debian-clang 1.1.1.0 12.12 190.72 202.84 OK
r-devel-linux-x86_64-debian-gcc 1.1.1.0 8.88 145.80 154.68 OK
r-devel-linux-x86_64-fedora-clang 1.1.1.0 239.75 NOTE
r-devel-linux-x86_64-fedora-gcc 1.1.1.0 236.28 NOTE
r-devel-windows-ix86+x86_64 1.1.1.0 33.00 182.00 215.00 OK
r-devel-windows-ix86+x86_64-gcc8 1.1.1.0 39.00 235.00 274.00 OK
r-patched-linux-x86_64 1.1.1.0 9.74 168.42 178.16 OK
r-patched-solaris-x86 1.1.1.0 333.70 NOTE
r-release-linux-x86_64 1.1.1.0 10.35 173.34 183.69 OK
r-release-windows-ix86+x86_64 1.1.1.0 21.00 166.00 187.00 OK
r-release-osx-x86_64 1.1.1.0 NOTE
r-oldrel-windows-ix86+x86_64 1.1.1.0 14.00 186.00 200.00 OK
r-oldrel-osx-x86_64 1.1.1.0 NOTE

Check Details

Version: 1.1.1.0
Check: dependencies in R code
Result: NOTE
    Namespaces in Imports field not imported from:
     ‘ggplot2’ ‘lattice’
     All declared Imports should be used.
Flavors: r-devel-linux-x86_64-fedora-clang, r-devel-linux-x86_64-fedora-gcc, r-patched-solaris-x86, r-release-osx-x86_64, r-oldrel-osx-x86_64