CRAN Package Check Results for Package modelgrid

Last updated on 2019-09-18 22:52:42 CEST.

Flavor Version Tinstall Tcheck Ttotal Status Flags
r-devel-linux-x86_64-debian-clang 1.1.1.0 11.46 174.58 186.04 OK
r-devel-linux-x86_64-debian-gcc 1.1.1.0 10.75 132.22 142.97 OK
r-devel-linux-x86_64-fedora-clang 1.1.1.0 215.82 NOTE
r-devel-linux-x86_64-fedora-gcc 1.1.1.0 203.91 NOTE
r-devel-windows-ix86+x86_64 1.1.1.0 45.00 229.00 274.00 OK
r-patched-linux-x86_64 1.1.1.0 10.01 162.97 172.98 OK
r-patched-solaris-x86 1.1.1.0 316.10 NOTE
r-release-linux-x86_64 1.1.1.0 10.09 158.63 168.72 OK
r-release-windows-ix86+x86_64 1.1.1.0 24.00 223.00 247.00 OK
r-release-osx-x86_64 1.1.1.0 NOTE
r-oldrel-windows-ix86+x86_64 1.1.1.0 12.00 152.00 164.00 OK
r-oldrel-osx-x86_64 1.1.1.0 NOTE

Check Details

Version: 1.1.1.0
Check: dependencies in R code
Result: NOTE
    Namespaces in Imports field not imported from:
     ‘ggplot2’ ‘lattice’
     All declared Imports should be used.
Flavors: r-devel-linux-x86_64-fedora-clang, r-devel-linux-x86_64-fedora-gcc, r-patched-solaris-x86, r-release-osx-x86_64, r-oldrel-osx-x86_64