CRAN Package Check Results for Package modelgrid

Last updated on 2021-12-01 22:53:17 CET.

Flavor Version Tinstall Tcheck Ttotal Status Flags
r-devel-linux-x86_64-debian-clang 1.1.1.0 13.26 188.70 201.96 NOTE
r-devel-linux-x86_64-debian-gcc 1.1.1.0 10.86 148.90 159.76 NOTE
r-devel-linux-x86_64-fedora-clang 1.1.1.0 252.24 NOTE
r-devel-linux-x86_64-fedora-gcc 1.1.1.0 233.66 NOTE
r-devel-windows-x86_64-new-UL 1.1.1.0 24.00 243.00 267.00 NOTE
r-devel-windows-x86_64-new-TK 1.1.1.0 NOTE
r-devel-windows-x86_64-old 1.1.1.0 22.00 175.00 197.00 NOTE
r-patched-linux-x86_64 1.1.1.0 17.50 175.02 192.52 NOTE
r-patched-solaris-x86 1.1.1.0 255.10 NOTE
r-release-linux-x86_64 1.1.1.0 13.16 178.32 191.48 NOTE
r-release-macos-arm64 1.1.1.0 NOTE
r-release-macos-x86_64 1.1.1.0 NOTE
r-release-windows-ix86+x86_64 1.1.1.0 33.00 222.00 255.00 NOTE
r-oldrel-macos-x86_64 1.1.1.0 NOTE
r-oldrel-windows-ix86+x86_64 1.1.1.0 33.00 224.00 257.00 OK

Check Details

Version: 1.1.1.0
Check: LazyData
Result: NOTE
     'LazyData' is specified without a 'data' directory
Flavors: r-devel-linux-x86_64-debian-clang, r-devel-linux-x86_64-debian-gcc, r-devel-linux-x86_64-fedora-clang, r-devel-linux-x86_64-fedora-gcc, r-devel-windows-x86_64-new-UL, r-devel-windows-x86_64-new-TK, r-devel-windows-x86_64-old, r-patched-linux-x86_64, r-patched-solaris-x86, r-release-linux-x86_64, r-release-macos-arm64, r-release-macos-x86_64, r-release-windows-ix86+x86_64

Version: 1.1.1.0
Check: dependencies in R code
Result: NOTE
    Namespaces in Imports field not imported from:
     ‘ggplot2’ ‘lattice’
     All declared Imports should be used.
Flavors: r-devel-linux-x86_64-fedora-clang, r-devel-linux-x86_64-fedora-gcc, r-devel-windows-x86_64-new-TK, r-patched-solaris-x86, r-release-macos-arm64, r-release-macos-x86_64, r-oldrel-macos-x86_64