CRAN Package Check Results for Package modelimpact

Last updated on 2021-11-29 22:59:17 CET.

Flavor Version Tinstall Tcheck Ttotal Status Flags
r-devel-linux-x86_64-debian-clang 1.0.0 2.15 25.07 27.22 OK
r-devel-linux-x86_64-debian-gcc 1.0.0 1.06 19.76 20.82 OK
r-devel-linux-x86_64-fedora-clang 1.0.0 44.08 NOTE
r-devel-linux-x86_64-fedora-gcc 1.0.0 33.03 NOTE
r-devel-windows-x86_64-new-UL 1.0.0 7.00 63.00 70.00 OK
r-devel-windows-x86_64-new-TK 1.0.0 NOTE
r-devel-windows-x86_64-old 1.0.0 4.00 33.00 37.00 OK
r-patched-linux-x86_64 1.0.0 2.17 24.00 26.17 OK
r-patched-solaris-x86 1.0.0 52.30 NOTE
r-release-linux-x86_64 1.0.0 2.10 24.36 26.46 OK
r-release-macos-arm64 1.0.0 NOTE
r-release-macos-x86_64 1.0.0 NOTE
r-release-windows-ix86+x86_64 1.0.0 6.00 31.00 37.00 OK
r-oldrel-macos-x86_64 1.0.0 NOTE
r-oldrel-windows-ix86+x86_64 1.0.0 5.00 42.00 47.00 OK

Check Details

Version: 1.0.0
Check: dependencies in R code
Result: NOTE
    Namespace in Imports field not imported from: ‘utils’
     All declared Imports should be used.
Flavors: r-devel-linux-x86_64-fedora-clang, r-devel-linux-x86_64-fedora-gcc, r-devel-windows-x86_64-new-TK, r-patched-solaris-x86, r-release-macos-arm64, r-release-macos-x86_64, r-oldrel-macos-x86_64