CRAN Package Check Results for Package modelplotr

Last updated on 2020-01-17 22:50:58 CET.

Flavor Version Tinstall Tcheck Ttotal Status Flags
r-devel-linux-x86_64-debian-clang 1.0.0 4.33 141.80 146.13 OK
r-devel-linux-x86_64-debian-gcc 1.0.0 4.30 108.07 112.37 OK
r-devel-linux-x86_64-fedora-clang 1.0.0 175.83 OK
r-devel-linux-x86_64-fedora-gcc 1.0.0 172.94 OK
r-devel-windows-ix86+x86_64 1.0.0 17.00 204.00 221.00 OK
r-devel-windows-ix86+x86_64-gcc8 1.0.0 10.00 199.00 209.00 OK
r-patched-linux-x86_64 1.0.0 3.85 128.81 132.66 OK
r-patched-solaris-x86 1.0.0 426.60 OK
r-release-linux-x86_64 1.0.0 4.63 129.30 133.93 OK
r-release-windows-ix86+x86_64 1.0.0 14.00 142.00 156.00 WARN
r-release-osx-x86_64 1.0.0 OK
r-oldrel-windows-ix86+x86_64 1.0.0 7.00 176.00 183.00 OK
r-oldrel-osx-x86_64 1.0.0 OK

Check Details

Version: 1.0.0
Check: re-building of vignette outputs
Result: WARN
    Error(s) in re-building vignettes:
    --- re-building 'modelplotr.Rmd' using rmarkdown
    Quitting from lines 198-216 (modelplotr.Rmd)
    Error: processing vignette 'modelplotr.Rmd' failed with diagnostics:
    replacement has length zero
    --- failed re-building 'modelplotr.Rmd'
    
    SUMMARY: processing the following file failed:
     'modelplotr.Rmd'
    
    Error: Vignette re-building failed.
    Execution halted
Flavor: r-release-windows-ix86+x86_64