CRAN Package Check Results for Package modelsummary

Last updated on 2024-06-13 22:49:35 CEST.

Flavor Version Tinstall Tcheck Ttotal Status Flags
r-devel-linux-x86_64-debian-clang 2.1.0 11.06 78.10 89.16 OK
r-devel-linux-x86_64-debian-gcc 2.1.0 10.64 64.85 75.49 NOTE
r-devel-linux-x86_64-fedora-clang 2.1.0 133.06 OK
r-devel-linux-x86_64-fedora-gcc 2.1.0 125.92 OK
r-devel-windows-x86_64 2.1.0 12.00 87.00 99.00 OK
r-patched-linux-x86_64 2.1.0 15.45 83.61 99.06 OK
r-release-linux-x86_64 2.1.0 15.34 71.53 86.87 OK
r-release-macos-arm64 2.1.0 36.00 OK
r-release-macos-x86_64 2.1.0 58.00 OK
r-release-windows-x86_64 2.1.0 12.00 87.00 99.00 OK
r-oldrel-macos-arm64 2.1.0 42.00 OK
r-oldrel-macos-x86_64 2.1.0 106.00 OK
r-oldrel-windows-x86_64 2.1.0 16.00 106.00 122.00 OK

Check Details

Version: 2.1.0
Check: package dependencies
Result: NOTE Packages suggested but not available for checking: 'AER', 'brms', 'broom', 'broom.mixed', 'car', 'did', 'ggdist', 'ggplot2', 'gh', 'gt', 'gtExtras', 'haven', 'huxtable', 'labelled', 'IRdisplay', 'ivreg', 'kableExtra', 'lme4', 'magick', 'mice', 'rstanarm', 'tibble', 'tidyselect', 'tidyverse', 'tinysnapshot' Flavor: r-devel-linux-x86_64-debian-gcc