CRAN Package Check Results for Package modelsummary

Last updated on 2021-06-11 22:54:15 CEST.

Flavor Version Tinstall Tcheck Ttotal Status Flags
r-devel-linux-x86_64-debian-clang 0.8.0 7.45 126.34 133.79 OK
r-devel-linux-x86_64-debian-gcc 0.8.0 5.84 93.26 99.10 OK
r-devel-linux-x86_64-fedora-clang 0.8.0 160.80 OK
r-devel-linux-x86_64-fedora-gcc 0.8.0 149.68 OK
r-devel-windows-x86_64 0.8.0 12.00 157.00 169.00 OK
r-devel-windows-x86_64-gcc10-UCRT 0.8.0 ERROR
r-patched-linux-x86_64 0.8.0 7.94 121.68 129.62 OK
r-patched-solaris-x86 0.8.0 206.10 OK
r-release-linux-x86_64 0.8.0 6.17 121.07 127.24 OK
r-release-macos-arm64 0.8.0 OK
r-release-macos-x86_64 0.8.0 OK
r-release-windows-ix86+x86_64 0.8.0 15.00 158.00 173.00 OK
r-oldrel-macos-x86_64 0.8.0 OK
r-oldrel-windows-ix86+x86_64 0.8.0 14.00 159.00 173.00 OK

Check Details

Version: 0.8.0
Check: tests
Result: ERROR
     Running 'spelling.R'
     Running 'testthat.R'
    Running the tests in 'tests/testthat.R' failed.
    Last 13 lines of output:
     x
     1. \-utils::read.csv(url) test-statistic_override.R:5:0
     2. \-utils::read.table(...)
     3. \-base::file(file, "rt")
     -- Error (test-vcov.R:2:1): (code run outside of `test_that()`) ----------------
     Error: cannot open the connection to 'https://vincentarelbundock.github.io/Rdatasets/csv/HistData/Guerry.csv'
     Backtrace:
     x
     1. \-utils::read.csv(url) test-vcov.R:2:0
     2. \-utils::read.table(...)
     3. \-base::file(file, "rt")
    
     [ FAIL 5 | WARN 5 | SKIP 5 | PASS 243 ]
     Error: Test failures
     Execution halted
Flavor: r-devel-windows-x86_64-gcc10-UCRT