Last updated on 2024-03-28 23:01:50 CET.
Flavor | Version | Tinstall | Tcheck | Ttotal | Status | Flags |
---|---|---|---|---|---|---|
r-devel-linux-x86_64-debian-clang | 1.2.8 | 22.72 | 283.41 | 306.13 | OK | |
r-devel-linux-x86_64-debian-gcc | 1.2.8 | 19.05 | 210.83 | 229.88 | OK | |
r-devel-linux-x86_64-fedora-clang | 1.2.8 | 408.34 | NOTE | |||
r-devel-linux-x86_64-fedora-gcc | 1.2.8 | 407.81 | NOTE | |||
r-devel-windows-x86_64 | 1.2.8 | 23.00 | 242.00 | 265.00 | OK | |
r-patched-linux-x86_64 | 1.2.8 | 1.07 | 2.45 | 3.52 | ERROR | |
r-release-linux-x86_64 | 1.2.8 | 1.31 | 2.15 | 3.46 | ERROR | |
r-release-macos-arm64 | 1.2.8 | 112.00 | OK | |||
r-release-macos-x86_64 | 1.2.8 | 214.00 | OK | |||
r-release-windows-x86_64 | 1.2.8 | 28.00 | 312.00 | 340.00 | OK | |
r-oldrel-macos-arm64 | 1.2.8 | 107.00 | OK | |||
r-oldrel-windows-x86_64 | 1.2.8 | 31.00 | 292.00 | 323.00 | OK |
Version: 1.2.8
Check: package dependencies
Result: NOTE
Imports includes 31 non-default packages.
Importing from so many packages makes the package vulnerable to any of
them becoming unavailable. Move as many as possible to Suggests and
use conditionally.
Flavor: r-devel-linux-x86_64-fedora-clang
Version: 1.2.8
Check: dependencies in R code
Result: NOTE
Namespaces in Imports field not imported from:
‘tidymodels’ ‘tidyverse’
All declared Imports should be used.
Flavors: r-devel-linux-x86_64-fedora-clang, r-devel-linux-x86_64-fedora-gcc
Version: 1.2.8
Check: package dependencies
Result: ERROR
Package required but not available: ‘prophet’
See section ‘The DESCRIPTION file’ in the ‘Writing R Extensions’
manual.
Flavors: r-patched-linux-x86_64, r-release-linux-x86_64