Last updated on 2024-04-24 23:00:26 CEST.
Flavor | Version | Tinstall | Tcheck | Ttotal | Status | Flags |
---|---|---|---|---|---|---|
r-devel-linux-x86_64-debian-clang | 0.1.2 | 4.09 | 65.67 | 69.76 | OK | |
r-devel-linux-x86_64-debian-gcc | 0.1.2 | 3.61 | 46.81 | 50.42 | OK | |
r-devel-linux-x86_64-fedora-clang | 0.1.2 | 88.23 | OK | |||
r-devel-linux-x86_64-fedora-gcc | 0.1.2 | 95.49 | OK | |||
r-devel-windows-x86_64 | 0.1.2 | 5.00 | 67.00 | 72.00 | OK | |
r-patched-linux-x86_64 | 0.1.2 | 6.49 | 62.20 | 68.69 | OK | |
r-release-linux-x86_64 | 0.1.2 | 5.73 | 60.20 | 65.93 | OK | |
r-release-macos-arm64 | 0.1.2 | 36.00 | OK | |||
r-release-windows-x86_64 | 0.1.2 | 6.00 | 67.00 | 73.00 | OK | |
r-oldrel-macos-arm64 | 0.1.2 | 29.00 | OK | |||
r-oldrel-macos-x86_64 | 0.1.2 | 46.00 | NOTE | |||
r-oldrel-windows-x86_64 | 0.1.2 | 8.00 | 80.00 | 88.00 | OK |
Version: 0.1.2
Check: package dependencies
Result: NOTE
Package suggested but not available for checking: ‘survey’
Flavor: r-oldrel-macos-x86_64