CRAN Package Check Results for Package modifiedmk

Last updated on 2020-02-21 22:51:13 CET.

Flavor Version Tinstall Tcheck Ttotal Status Flags
r-devel-linux-x86_64-debian-clang 1.4.0 2.95 30.74 33.69 NOTE
r-devel-linux-x86_64-debian-gcc 1.4.0 2.59 23.45 26.04 NOTE
r-devel-linux-x86_64-fedora-clang 1.4.0 42.96 OK
r-devel-linux-x86_64-fedora-gcc 1.4.0 39.96 OK
r-devel-windows-ix86+x86_64 1.4.0 7.00 40.00 47.00 NOTE
r-devel-windows-ix86+x86_64-gcc8 1.4.0 11.00 55.00 66.00 NOTE
r-patched-linux-x86_64 1.4.0 OK
r-patched-solaris-x86 1.4.0 61.70 OK
r-release-linux-x86_64 1.4.0 2.32 27.71 30.03 OK
r-release-windows-ix86+x86_64 1.4.0 6.00 43.00 49.00 OK
r-release-osx-x86_64 1.4.0 OK
r-oldrel-windows-ix86+x86_64 1.4.0 6.00 40.00 46.00 OK
r-oldrel-osx-x86_64 1.4.0 OK

Check Details

Version: 1.4.0
Check: package vignettes
Result: NOTE
    Package vignette with placeholder title 'Vignette Title':
     'my-vignette.Rmd'
Flavors: r-devel-linux-x86_64-debian-clang, r-devel-linux-x86_64-debian-gcc, r-devel-windows-ix86+x86_64, r-devel-windows-ix86+x86_64-gcc8