CRAN Package Check Results for Package modifiedmk

Last updated on 2019-09-22 22:46:51 CEST.

Flavor Version Tinstall Tcheck Ttotal Status Flags
r-devel-linux-x86_64-debian-clang 1.4.0 2.80 27.29 30.09 NOTE
r-devel-linux-x86_64-debian-gcc 1.4.0 2.44 22.22 24.66 NOTE
r-devel-linux-x86_64-fedora-clang 1.4.0 39.18 OK
r-devel-linux-x86_64-fedora-gcc 1.4.0 45.16 OK
r-devel-windows-ix86+x86_64 1.4.0 11.00 54.00 65.00 NOTE
r-patched-linux-x86_64 1.4.0 2.44 28.22 30.66 OK
r-patched-solaris-x86 1.4.0 55.90 OK
r-release-linux-x86_64 1.4.0 2.35 27.32 29.67 OK
r-release-windows-ix86+x86_64 1.4.0 11.00 57.00 68.00 OK
r-release-osx-x86_64 1.4.0 OK
r-oldrel-windows-ix86+x86_64 1.4.0 5.00 42.00 47.00 OK
r-oldrel-osx-x86_64 1.4.0 OK

Check Details

Version: 1.4.0
Check: package vignettes
Result: NOTE
    Package vignette with placeholder title 'Vignette Title':
     'my-vignette.Rmd'
Flavors: r-devel-linux-x86_64-debian-clang, r-devel-linux-x86_64-debian-gcc, r-devel-windows-ix86+x86_64