CRAN Package Check Results for Package momentuHMM

Last updated on 2019-08-21 22:48:43 CEST.

Flavor Version Tinstall Tcheck Ttotal Status Flags
r-devel-linux-x86_64-debian-clang 1.4.3 101.35 315.48 416.83 OK
r-devel-linux-x86_64-debian-gcc 1.4.3 OK
r-devel-linux-x86_64-fedora-clang 1.4.3 530.80 NOTE
r-devel-linux-x86_64-fedora-gcc 1.4.3 533.47 OK
r-devel-windows-ix86+x86_64 1.4.3 290.00 630.00 920.00 NOTE
r-patched-linux-x86_64 1.4.3 93.55 312.87 406.42 OK
r-patched-solaris-x86 1.4.3 572.20 OK
r-release-linux-x86_64 1.4.3 91.50 313.94 405.44 OK
r-release-windows-ix86+x86_64 1.4.3 192.00 461.00 653.00 NOTE
r-release-osx-x86_64 1.4.3 NOTE
r-oldrel-windows-ix86+x86_64 1.4.3 232.00 589.00 821.00 NOTE
r-oldrel-osx-x86_64 1.4.3 NOTE

Check Details

Version: 1.4.3
Check: installed package size
Result: NOTE
     installed size is 7.2Mb
     sub-directories of 1Mb or more:
     data 1.2Mb
     doc 1.8Mb
     libs 3.3Mb
Flavors: r-devel-linux-x86_64-fedora-clang, r-devel-windows-ix86+x86_64, r-release-windows-ix86+x86_64, r-release-osx-x86_64, r-oldrel-windows-ix86+x86_64, r-oldrel-osx-x86_64