Last updated on 2019-12-10 22:49:39 CET.
Flavor | Version | Tinstall | Tcheck | Ttotal | Status | Flags |
---|---|---|---|---|---|---|
r-devel-linux-x86_64-debian-clang | 1.4.3 | 117.59 | 351.30 | 468.89 | OK | |
r-devel-linux-x86_64-debian-gcc | 1.4.3 | 88.84 | 266.41 | 355.25 | OK | |
r-devel-linux-x86_64-fedora-clang | 1.4.3 | 573.25 | NOTE | |||
r-devel-linux-x86_64-fedora-gcc | 1.4.3 | 563.11 | OK | |||
r-devel-windows-ix86+x86_64 | 1.4.3 | 248.00 | 672.00 | 920.00 | NOTE | |
r-devel-windows-ix86+x86_64-gcc8 | 1.4.3 | 276.00 | 698.00 | 974.00 | NOTE | |
r-patched-linux-x86_64 | 1.4.3 | 97.89 | 316.95 | 414.84 | OK | |
r-patched-solaris-x86 | 1.4.3 | 680.50 | OK | |||
r-release-linux-x86_64 | 1.4.3 | 97.22 | 311.76 | 408.98 | OK | |
r-release-windows-ix86+x86_64 | 1.4.3 | 199.00 | 477.00 | 676.00 | NOTE | |
r-release-osx-x86_64 | 1.4.3 | NOTE | ||||
r-oldrel-windows-ix86+x86_64 | 1.4.3 | 156.00 | 429.00 | 585.00 | NOTE | |
r-oldrel-osx-x86_64 | 1.4.3 | NOTE |
Version: 1.4.3
Check: installed package size
Result: NOTE
installed size is 7.3Mb
sub-directories of 1Mb or more:
data 1.2Mb
doc 1.8Mb
libs 3.4Mb
Flavors: r-devel-linux-x86_64-fedora-clang, r-devel-windows-ix86+x86_64, r-devel-windows-ix86+x86_64-gcc8, r-release-windows-ix86+x86_64, r-release-osx-x86_64, r-oldrel-windows-ix86+x86_64, r-oldrel-osx-x86_64