Last updated on 2024-04-25 22:49:14 CEST.
Flavor | Version | Tinstall | Tcheck | Ttotal | Status | Flags |
---|---|---|---|---|---|---|
r-devel-linux-x86_64-debian-clang | 1.2.1 | 8.06 | 110.36 | 118.42 | NOTE | |
r-devel-linux-x86_64-debian-gcc | 1.2.1 | 4.62 | 77.43 | 82.05 | NOTE | |
r-devel-linux-x86_64-fedora-clang | 1.2.1 | 145.25 | NOTE | |||
r-devel-linux-x86_64-fedora-gcc | 1.2.1 | 147.95 | NOTE | |||
r-devel-windows-x86_64 | 1.2.1 | 9.00 | 96.00 | 105.00 | NOTE | |
r-patched-linux-x86_64 | 1.2.1 | 4.78 | 102.55 | 107.33 | NOTE | |
r-release-linux-x86_64 | 1.2.1 | 4.21 | 101.54 | 105.75 | OK | |
r-release-macos-arm64 | 1.2.1 | 56.00 | NOTE | |||
r-release-windows-x86_64 | 1.2.1 | 7.00 | 97.00 | 104.00 | NOTE | |
r-oldrel-macos-arm64 | 1.2.1 | 48.00 | OK | |||
r-oldrel-macos-x86_64 | 1.2.1 | 79.00 | OK | |||
r-oldrel-windows-x86_64 | 1.2.1 | 9.00 | 120.00 | 129.00 | OK |
Version: 1.2.1
Check: Rd files
Result: NOTE
checkRd: (-1) circ_dist.Rd:21: Lost braces; missing escapes or markup?
21 | The distance between two observations {i} and {j} of a circular variable {q}
| ^
checkRd: (-1) circ_dist.Rd:21: Lost braces; missing escapes or markup?
21 | The distance between two observations {i} and {j} of a circular variable {q}
| ^
checkRd: (-1) circ_dist.Rd:21: Lost braces; missing escapes or markup?
21 | The distance between two observations {i} and {j} of a circular variable {q}
| ^
Flavors: r-devel-linux-x86_64-debian-clang, r-devel-linux-x86_64-debian-gcc, r-devel-linux-x86_64-fedora-clang, r-devel-linux-x86_64-fedora-gcc, r-devel-windows-x86_64, r-patched-linux-x86_64, r-release-macos-arm64, r-release-windows-x86_64