CRAN Package Check Results for Package mopac

Last updated on 2021-12-03 22:57:46 CET.

Flavor Version Tinstall Tcheck Ttotal Status Flags
r-devel-linux-x86_64-debian-clang 0.1.0 2.11 18.74 20.85 OK
r-devel-linux-x86_64-debian-gcc 0.1.0 1.50 16.63 18.13 OK
r-devel-linux-x86_64-fedora-clang 0.1.0 36.77 NOTE
r-devel-linux-x86_64-fedora-gcc 0.1.0 26.06 NOTE
r-devel-windows-x86_64-new-UL 0.1.0 7.00 52.00 59.00 OK
r-devel-windows-x86_64-new-TK 0.1.0 NOTE
r-devel-windows-x86_64-old 0.1.0 5.00 26.00 31.00 OK
r-patched-linux-x86_64 0.1.0 2.18 18.17 20.35 OK
r-release-linux-x86_64 0.1.0 1.97 18.02 19.99 OK
r-release-macos-arm64 0.1.0 NOTE
r-release-macos-x86_64 0.1.0 NOTE
r-release-windows-ix86+x86_64 0.1.0 5.00 39.00 44.00 OK
r-oldrel-macos-x86_64 0.1.0 NOTE
r-oldrel-windows-ix86+x86_64 0.1.0 6.00 34.00 40.00 OK

Check Details

Version: 0.1.0
Check: data for non-ASCII characters
Result: NOTE
     Note: found 13 marked UTF-8 strings
Flavors: r-devel-linux-x86_64-fedora-clang, r-devel-linux-x86_64-fedora-gcc, r-devel-windows-x86_64-new-TK, r-release-macos-arm64, r-release-macos-x86_64, r-oldrel-macos-x86_64