CRAN Package Check Results for Package mortyr

Last updated on 2021-11-30 22:54:37 CET.

Flavor Version Tinstall Tcheck Ttotal Status Flags
r-devel-linux-x86_64-debian-clang 0.0.2 1.98 24.08 26.06 NOTE
r-devel-linux-x86_64-debian-gcc 0.0.2 1.49 21.08 22.57 NOTE
r-devel-linux-x86_64-fedora-clang 0.0.2 43.65 NOTE
r-devel-linux-x86_64-fedora-gcc 0.0.2 32.04 NOTE
r-devel-windows-x86_64-new-UL 0.0.2 6.00 73.00 79.00 NOTE
r-devel-windows-x86_64-new-TK 0.0.2 NOTE
r-devel-windows-x86_64-old 0.0.2 4.00 42.00 46.00 NOTE
r-patched-linux-x86_64 0.0.2 2.00 23.91 25.91 NOTE
r-patched-solaris-x86 0.0.2 48.90 NOTE
r-release-linux-x86_64 0.0.2 1.95 23.56 25.51 NOTE
r-release-macos-arm64 0.0.2 NOTE
r-release-macos-x86_64 0.0.2 NOTE
r-release-windows-ix86+x86_64 0.0.2 5.00 41.00 46.00 NOTE
r-oldrel-macos-x86_64 0.0.2 OK
r-oldrel-windows-ix86+x86_64 0.0.2 4.00 37.00 41.00 OK

Check Details

Version: 0.0.2
Check: LazyData
Result: NOTE
     'LazyData' is specified without a 'data' directory
Flavors: r-devel-linux-x86_64-debian-clang, r-devel-linux-x86_64-debian-gcc, r-devel-linux-x86_64-fedora-clang, r-devel-linux-x86_64-fedora-gcc, r-devel-windows-x86_64-new-UL, r-devel-windows-x86_64-new-TK, r-devel-windows-x86_64-old, r-patched-linux-x86_64, r-patched-solaris-x86, r-release-linux-x86_64, r-release-macos-arm64, r-release-macos-x86_64, r-release-windows-ix86+x86_64