CRAN Package Check Results for Package mosaicCalc

Last updated on 2021-11-29 22:59:17 CET.

Flavor Version Tinstall Tcheck Ttotal Status Flags
r-devel-linux-x86_64-debian-clang 0.5.1 11.89 115.02 126.91 NOTE
r-devel-linux-x86_64-debian-gcc 0.5.1 11.26 86.82 98.08 NOTE
r-devel-linux-x86_64-fedora-clang 0.5.1 163.52 NOTE
r-devel-linux-x86_64-fedora-gcc 0.5.1 150.50 NOTE
r-devel-windows-x86_64-new-UL 0.5.1 25.00 161.00 186.00 NOTE
r-devel-windows-x86_64-new-TK 0.5.1 NOTE
r-devel-windows-x86_64-old 0.5.1 23.00 104.00 127.00 NOTE
r-patched-linux-x86_64 0.5.1 10.92 107.28 118.20 NOTE
r-patched-solaris-x86 0.5.1 216.90 NOTE
r-release-linux-x86_64 0.5.1 11.20 107.40 118.60 NOTE
r-release-macos-arm64 0.5.1 NOTE
r-release-macos-x86_64 0.5.1 NOTE
r-release-windows-ix86+x86_64 0.5.1 32.00 97.00 129.00 NOTE
r-oldrel-macos-x86_64 0.5.1 NOTE
r-oldrel-windows-ix86+x86_64 0.5.1 24.00 105.00 129.00 OK

Check Details

Version: 0.5.1
Check: LazyData
Result: NOTE
     'LazyData' is specified without a 'data' directory
Flavors: r-devel-linux-x86_64-debian-clang, r-devel-linux-x86_64-debian-gcc, r-devel-linux-x86_64-fedora-clang, r-devel-linux-x86_64-fedora-gcc, r-devel-windows-x86_64-new-UL, r-devel-windows-x86_64-new-TK, r-devel-windows-x86_64-old, r-patched-linux-x86_64, r-patched-solaris-x86, r-release-linux-x86_64, r-release-macos-arm64, r-release-macos-x86_64, r-release-windows-ix86+x86_64

Version: 0.5.1
Check: dependencies in R code
Result: NOTE
    Namespaces in Imports field not imported from:
     ‘ggformula’ ‘magrittr’ ‘rlang’
     All declared Imports should be used.
Flavors: r-devel-linux-x86_64-fedora-clang, r-devel-linux-x86_64-fedora-gcc, r-devel-windows-x86_64-new-TK, r-patched-solaris-x86, r-release-macos-arm64, r-release-macos-x86_64, r-oldrel-macos-x86_64