CRAN Package Check Results for Package mosaicData

Last updated on 2019-09-15 22:49:25 CEST.

Flavor Version Tinstall Tcheck Ttotal Status Flags
r-devel-linux-x86_64-debian-clang 0.17.0 3.52 33.83 37.35 OK
r-devel-linux-x86_64-debian-gcc 0.17.0 2.88 26.75 29.63 OK
r-devel-linux-x86_64-fedora-clang 0.17.0 45.01 NOTE
r-devel-linux-x86_64-fedora-gcc 0.17.0 47.92 NOTE
r-devel-windows-ix86+x86_64 0.17.0 13.00 49.00 62.00 OK
r-patched-linux-x86_64 0.17.0 3.35 32.98 36.33 OK
r-patched-solaris-x86 0.17.0 66.60 NOTE
r-release-linux-x86_64 0.17.0 3.44 34.51 37.95 OK
r-release-windows-ix86+x86_64 0.17.0 7.00 68.00 75.00 OK
r-release-osx-x86_64 0.17.0 NOTE
r-oldrel-windows-ix86+x86_64 0.17.0 8.00 68.00 76.00 OK
r-oldrel-osx-x86_64 0.17.0 NOTE

Check Details

Version: 0.17.0
Check: data for non-ASCII characters
Result: NOTE
     Note: found 7 marked UTF-8 strings
Flavors: r-devel-linux-x86_64-fedora-clang, r-devel-linux-x86_64-fedora-gcc, r-patched-solaris-x86, r-release-osx-x86_64, r-oldrel-osx-x86_64