CRAN Package Check Results for Package mosaicData

Last updated on 2020-01-18 22:48:37 CET.

Flavor Version Tinstall Tcheck Ttotal Status Flags
r-devel-linux-x86_64-debian-clang 0.17.0 3.59 36.05 39.64 OK
r-devel-linux-x86_64-debian-gcc 0.17.0 2.90 29.37 32.27 OK
r-devel-linux-x86_64-fedora-clang 0.17.0 48.69 NOTE
r-devel-linux-x86_64-fedora-gcc 0.17.0 47.31 NOTE
r-devel-windows-ix86+x86_64 0.17.0 11.00 74.00 85.00 OK
r-devel-windows-ix86+x86_64-gcc8 0.17.0 9.00 74.00 83.00 OK
r-patched-linux-x86_64 0.17.0 3.55 32.95 36.50 OK
r-patched-solaris-x86 0.17.0 78.90 NOTE
r-release-linux-x86_64 0.17.0 3.40 32.48 35.88 OK
r-release-windows-ix86+x86_64 0.17.0 10.00 79.00 89.00 OK
r-release-osx-x86_64 0.17.0 NOTE
r-oldrel-windows-ix86+x86_64 0.17.0 7.00 47.00 54.00 OK
r-oldrel-osx-x86_64 0.17.0 NOTE

Check Details

Version: 0.17.0
Check: data for non-ASCII characters
Result: NOTE
     Note: found 7 marked UTF-8 strings
Flavors: r-devel-linux-x86_64-fedora-clang, r-devel-linux-x86_64-fedora-gcc, r-patched-solaris-x86, r-release-osx-x86_64, r-oldrel-osx-x86_64