Last updated on 2023-09-21 23:03:25 CEST.
Flavor | Version | Tinstall | Tcheck | Ttotal | Status | Flags |
---|---|---|---|---|---|---|
r-devel-linux-x86_64-debian-clang | 2.1.3 | 17.89 | 279.35 | 297.24 | NOTE | |
r-devel-linux-x86_64-debian-gcc | 2.1.3 | 16.22 | 198.21 | 214.43 | NOTE | |
r-devel-linux-x86_64-fedora-clang | 2.1.3 | 384.93 | NOTE | |||
r-devel-linux-x86_64-fedora-gcc | 2.1.3 | 358.15 | NOTE | |||
r-devel-windows-x86_64 | 2.1.3 | 20.00 | 215.00 | 235.00 | NOTE | |
r-patched-linux-x86_64 | 2.1.3 | 23.69 | 267.78 | 291.47 | NOTE | |
r-release-linux-x86_64 | 2.1.3 | 17.32 | 260.89 | 278.21 | NOTE | |
r-release-macos-arm64 | 2.1.3 | 103.00 | NOTE | |||
r-release-macos-x86_64 | 2.1.3 | 175.00 | NOTE | |||
r-release-windows-x86_64 | 2.1.3 | 26.00 | 277.00 | 303.00 | NOTE | |
r-oldrel-macos-arm64 | 2.1.3 | 85.00 | OK | |||
r-oldrel-macos-x86_64 | 2.1.3 | 121.00 | OK | |||
r-oldrel-windows-x86_64 | 2.1.3 | 26.00 | 269.00 | 295.00 | OK |
Version: 2.1.3
Check: C++ specification
Result: NOTE
Specified C++11: please drop specification unless essential
Flavors: r-devel-linux-x86_64-debian-clang, r-devel-linux-x86_64-debian-gcc, r-devel-linux-x86_64-fedora-clang, r-devel-linux-x86_64-fedora-gcc, r-devel-windows-x86_64, r-patched-linux-x86_64, r-release-linux-x86_64, r-release-macos-arm64, r-release-macos-x86_64, r-release-windows-x86_64