Last updated on 2024-04-19 22:55:53 CEST.
Flavor | Version | Tinstall | Tcheck | Ttotal | Status | Flags |
---|---|---|---|---|---|---|
r-devel-linux-x86_64-debian-clang | 0.4.1 | 63.04 | 29.46 | 92.50 | OK | |
r-devel-linux-x86_64-debian-gcc | 0.4.1 | OK | ||||
r-devel-linux-x86_64-fedora-clang | 0.4.1 | 148.65 | NOTE | |||
r-devel-linux-x86_64-fedora-gcc | 0.4.1 | 137.56 | NOTE | |||
r-prerel-macos-arm64 | 0.4.1 | 30.00 | OK | |||
r-prerel-windows-x86_64 | 0.4.1 | 52.00 | 63.00 | 115.00 | OK | |
r-patched-linux-x86_64 | 0.4.1 | 54.84 | 29.16 | 84.00 | OK | |
r-release-linux-x86_64 | 0.4.1 | 57.00 | 28.73 | 85.73 | OK | |
r-release-macos-arm64 | 0.4.1 | 36.00 | OK | |||
r-release-macos-x86_64 | 0.4.1 | 59.00 | OK | |||
r-release-windows-x86_64 | 0.4.1 | 56.00 | 73.00 | 129.00 | OK | |
r-oldrel-macos-arm64 | 0.4.1 | 43.00 | OK | |||
r-oldrel-windows-x86_64 | 0.4.1 | 61.00 | 74.00 | 135.00 | OK |
Version: 0.4.1
Check: Rd cross-references
Result: NOTE
Undeclared package ‘proxy’ in Rd xrefs
Flavor: r-devel-linux-x86_64-fedora-clang
Version: 0.4.1
Check: compiled code
Result: NOTE
File ‘mp/libs/mp.so’:
Found no calls to: ‘R_registerRoutines’, ‘R_useDynamicSymbols’
It is good practice to register native routines and to disable symbol
search.
See ‘Writing portable packages’ in the ‘Writing R Extensions’ manual.
Flavors: r-devel-linux-x86_64-fedora-clang, r-devel-linux-x86_64-fedora-gcc