Last updated on 2024-04-17 22:59:59 CEST.
Flavor | Version | Tinstall | Tcheck | Ttotal | Status | Flags |
---|---|---|---|---|---|---|
r-devel-linux-x86_64-debian-clang | 1.0.6 | 8.82 | 79.95 | 88.77 | NOTE | |
r-devel-linux-x86_64-debian-gcc | 1.0.6 | 6.38 | 59.82 | 66.20 | NOTE | |
r-devel-linux-x86_64-fedora-clang | 1.0.6 | 110.48 | NOTE | |||
r-devel-linux-x86_64-fedora-gcc | 1.0.6 | 104.60 | NOTE | |||
r-prerel-macos-arm64 | 1.0.6 | 44.00 | NOTE | |||
r-prerel-windows-x86_64 | 1.0.6 | 9.00 | 81.00 | 90.00 | NOTE | |
r-patched-linux-x86_64 | 1.0.6 | 9.20 | 76.25 | 85.45 | NOTE | |
r-release-linux-x86_64 | 1.0.6 | 5.56 | 74.88 | 80.44 | OK | |
r-release-macos-arm64 | 1.0.6 | 39.00 | OK | |||
r-release-macos-x86_64 | 1.0.6 | 55.00 | NOTE | |||
r-release-windows-x86_64 | 1.0.6 | 12.00 | 102.00 | 114.00 | OK | |
r-oldrel-macos-arm64 | 1.0.6 | 37.00 | OK | |||
r-oldrel-windows-x86_64 | 1.0.6 | 13.00 | 109.00 | 122.00 | OK |
Version: 1.0.6
Check: Rd files
Result: NOTE
checkRd: (-1) glmfence.Rd:21: Lost braces; missing escapes or markup?
21 | is performed where the boundary is cstar*hat(sigma)_{M,tildeM}.}
| ^
checkRd: (-1) lmfence.Rd:21: Lost braces; missing escapes or markup?
21 | is performed where the boundary is cstar*hat(sigma)_{M,tildeM}.}
| ^
Flavors: r-devel-linux-x86_64-debian-clang, r-devel-linux-x86_64-debian-gcc, r-devel-linux-x86_64-fedora-clang, r-devel-linux-x86_64-fedora-gcc, r-prerel-macos-arm64, r-prerel-windows-x86_64, r-patched-linux-x86_64
Version: 1.0.6
Check: package dependencies
Result: NOTE
Packages suggested but not available for checking: 'mvoutlier', 'glmulti'
Flavor: r-release-macos-x86_64