Last updated on 2024-03-27 22:57:51 CET.
Flavor | Version | Tinstall | Tcheck | Ttotal | Status | Flags |
---|---|---|---|---|---|---|
r-devel-linux-x86_64-debian-clang | 2.16.11 | 9.03 | 52.39 | 61.42 | NOTE | |
r-devel-linux-x86_64-debian-gcc | 2.16.11 | 5.84 | 40.47 | 46.31 | NOTE | |
r-devel-linux-x86_64-fedora-clang | 2.16.11 | 79.15 | NOTE | |||
r-devel-linux-x86_64-fedora-gcc | 2.16.11 | 97.58 | NOTE | |||
r-devel-windows-x86_64 | 2.16.11 | 9.00 | 75.00 | 84.00 | NOTE | |
r-patched-linux-x86_64 | 2.16.11 | 8.77 | 49.32 | 58.09 | NOTE | |
r-release-linux-x86_64 | 2.16.11 | 8.75 | 49.68 | 58.43 | NOTE | |
r-release-macos-arm64 | 2.16.11 | 36.00 | NOTE | |||
r-release-macos-x86_64 | 2.16.11 | 47.00 | NOTE | |||
r-release-windows-x86_64 | 2.16.11 | 9.00 | 77.00 | 86.00 | NOTE | |
r-oldrel-macos-arm64 | 2.16.11 | 39.00 | OK | |||
r-oldrel-windows-x86_64 | 2.16.11 | 11.00 | 81.00 | 92.00 | OK |
Version: 2.16.11
Check: Rd files
Result: NOTE
checkRd: (-1) F.huggins.estim.Rd:199: Escaped LaTeX specials: \$ \$
checkRd: (-1) F.huggins.estim.Rd:205: Escaped LaTeX specials: \$
checkRd: (-1) F.huggins.estim.Rd:206: Escaped LaTeX specials: \$
checkRd: (-1) F.huggins.estim.Rd:207: Escaped LaTeX specials: \$
checkRd: (-1) F.huggins.estim.Rd:208: Escaped LaTeX specials: \$
checkRd: (-1) F.huggins.estim.Rd:209: Escaped LaTeX specials: \$
checkRd: (-1) F.huggins.estim.Rd:210: Escaped LaTeX specials: \$
checkRd: (-1) F.huggins.estim.Rd:212: Escaped LaTeX specials: \$
checkRd: (-1) F.huggins.estim.Rd:213: Escaped LaTeX specials: \$
checkRd: (-1) F.huggins.estim.Rd:214: Escaped LaTeX specials: \$
checkRd: (-1) F.huggins.estim.Rd:215: Escaped LaTeX specials: \$
checkRd: (-1) lines.cjs.Rd:15: Escaped LaTeX specials: \$
Flavors: r-devel-linux-x86_64-debian-clang, r-devel-linux-x86_64-debian-gcc, r-devel-linux-x86_64-fedora-clang, r-devel-linux-x86_64-fedora-gcc, r-devel-windows-x86_64, r-patched-linux-x86_64, r-release-linux-x86_64, r-release-macos-arm64, r-release-macos-x86_64, r-release-windows-x86_64
Version: 2.16.11
Check: installed package size
Result: NOTE
installed size is 5.7Mb
sub-directories of 1Mb or more:
libs 4.9Mb
Flavor: r-devel-linux-x86_64-fedora-clang