CRAN Package Check Results for Package mrf2d

Last updated on 2021-07-29 00:49:16 CEST.

Flavor Version Tinstall Tcheck Ttotal Status Flags
r-devel-linux-x86_64-debian-clang 0.5 OK
r-devel-linux-x86_64-debian-gcc 0.5 56.73 121.51 178.24 OK
r-devel-linux-x86_64-fedora-clang 0.5 318.90 OK
r-devel-linux-x86_64-fedora-gcc 0.5 282.53 OK
r-devel-windows-x86_64 0.5 97.00 191.00 288.00 OK
r-devel-windows-x86_64-gcc10-UCRT 0.5 OK
r-patched-linux-x86_64 0.5 67.26 140.12 207.38 OK
r-patched-solaris-x86 0.5 335.80 OK
r-release-linux-x86_64 0.5 57.24 139.15 196.39 OK
r-release-macos-arm64 0.5 WARN
r-release-macos-x86_64 0.5 OK
r-release-windows-ix86+x86_64 0.5 180.00 270.00 450.00 OK
r-oldrel-macos-x86_64 0.5 OK
r-oldrel-windows-ix86+x86_64 0.5 132.00 286.00 418.00 OK

Check Details

Version: 0.5
Check: re-building of vignette outputs
Result: WARN
    Error(s) in re-building vignettes:
     ...
    --- re-building ‘mrf2d-family.Rmd’ using rmarkdown
    Warning in engine$weave(file, quiet = quiet, encoding = enc) :
     Pandoc (>= 1.12.3) not available. Falling back to R Markdown v1.
    --- finished re-building ‘mrf2d-family.Rmd’
    
    --- re-building ‘three-dimensions-on-mrf2d.Rmd’ using rmarkdown
    Warning in engine$weave(file, quiet = quiet, encoding = enc) :
     Pandoc (>= 1.12.3) not available. Falling back to R Markdown v1.
    Quitting from lines 69-70 (three-dimensions-on-mrf2d.Rmd)
    Error: processing vignette 'three-dimensions-on-mrf2d.Rmd' failed with diagnostics:
    polygon edge not found
    --- failed re-building ‘three-dimensions-on-mrf2d.Rmd’
    
    SUMMARY: processing the following file failed:
     ‘three-dimensions-on-mrf2d.Rmd’
    
    Error: Vignette re-building failed.
    Execution halted
Flavor: r-release-macos-arm64