CRAN Package Check Results for Package msaenet

Last updated on 2023-10-02 22:08:05 CEST.

Flavor Version Tinstall Tcheck Ttotal Status Flags
r-devel-linux-x86_64-debian-clang 3.1 10.61 144.33 154.94 NOTE
r-devel-linux-x86_64-debian-gcc 3.1 8.00 110.16 118.16 NOTE
r-devel-linux-x86_64-fedora-clang 3.1 183.17 NOTE
r-devel-linux-x86_64-fedora-gcc 3.1 197.63 NOTE
r-devel-windows-x86_64 3.1 10.00 130.00 140.00 NOTE
r-patched-linux-x86_64 3.1 11.32 139.30 150.62 NOTE
r-release-linux-x86_64 3.1 8.59 142.02 150.61 NOTE
r-release-macos-arm64 3.1 68.00 NOTE
r-release-macos-x86_64 3.1 114.00 NOTE
r-release-windows-x86_64 3.1 12.00 155.00 167.00 NOTE
r-oldrel-macos-arm64 3.1 56.00 NOTE
r-oldrel-macos-x86_64 3.1 79.00 NOTE
r-oldrel-windows-x86_64 3.1 13.00 161.00 174.00 NOTE

Check Details

Version: 3.1
Check: LazyData
Result: NOTE
     'LazyData' is specified without a 'data' directory
Flavors: r-devel-linux-x86_64-debian-clang, r-devel-linux-x86_64-debian-gcc, r-devel-linux-x86_64-fedora-clang, r-devel-linux-x86_64-fedora-gcc, r-devel-windows-x86_64, r-patched-linux-x86_64, r-release-linux-x86_64, r-release-macos-arm64, r-release-macos-x86_64, r-release-windows-x86_64, r-oldrel-macos-arm64, r-oldrel-macos-x86_64, r-oldrel-windows-x86_64