CRAN Package Check Results for Package mscstts

Last updated on 2023-09-26 23:04:19 CEST.

Flavor Version Tinstall Tcheck Ttotal Status Flags
r-devel-linux-x86_64-debian-clang 0.6.3 1.93 31.16 33.09 OK
r-devel-linux-x86_64-debian-gcc 0.6.3 1.86 24.41 26.27 OK
r-devel-linux-x86_64-fedora-clang 0.6.3 41.89 NOTE
r-devel-linux-x86_64-fedora-gcc 0.6.3 40.41 NOTE
r-devel-windows-x86_64 0.6.3 4.00 57.00 61.00 OK
r-patched-linux-x86_64 0.6.3 5.37 30.49 35.86 OK
r-release-linux-x86_64 0.6.3 1.88 30.54 32.42 OK
r-release-macos-arm64 0.6.3 19.00 OK
r-release-macos-x86_64 0.6.3 25.00 OK
r-release-windows-x86_64 0.6.3 5.00 51.00 56.00 OK
r-oldrel-macos-arm64 0.6.3 19.00 NOTE
r-oldrel-macos-x86_64 0.6.3 25.00 NOTE
r-oldrel-windows-x86_64 0.6.3 5.00 57.00 62.00 OK

Check Details

Version: 0.6.3
Check: data for non-ASCII characters
Result: NOTE
     Note: found 75 marked UTF-8 strings
Flavors: r-devel-linux-x86_64-fedora-clang, r-devel-linux-x86_64-fedora-gcc, r-oldrel-macos-arm64, r-oldrel-macos-x86_64