Last updated on 2024-03-28 23:01:50 CET.
Flavor | Version | Tinstall | Tcheck | Ttotal | Status | Flags |
---|---|---|---|---|---|---|
r-devel-linux-x86_64-debian-clang | 1.0.5 | 41.90 | 208.53 | 250.43 | OK | |
r-devel-linux-x86_64-debian-gcc | 1.0.5 | 36.55 | 150.64 | 187.19 | OK | |
r-devel-linux-x86_64-fedora-clang | 1.0.5 | 292.35 | OK | |||
r-devel-linux-x86_64-fedora-gcc | 1.0.5 | 354.29 | OK | |||
r-devel-windows-x86_64 | 1.0.5 | 34.00 | 181.00 | 215.00 | OK | |
r-patched-linux-x86_64 | 1.0.5 | 46.58 | 204.96 | 251.54 | OK | |
r-release-linux-x86_64 | 1.0.5 | 46.46 | 200.55 | 247.01 | OK | |
r-release-macos-arm64 | 1.0.5 | 82.00 | NOTE | |||
r-release-macos-x86_64 | 1.0.5 | 146.00 | NOTE | |||
r-release-windows-x86_64 | 1.0.5 | 33.00 | 222.00 | 255.00 | OK | |
r-oldrel-macos-arm64 | 1.0.5 | 73.00 | NOTE | |||
r-oldrel-windows-x86_64 | 1.0.5 | 43.00 | 210.00 | 253.00 | OK |
Version: 1.0.5
Check: installed package size
Result: NOTE
installed size is 7.0Mb
sub-directories of 1Mb or more:
libs 6.4Mb
Flavors: r-release-macos-arm64, r-release-macos-x86_64, r-oldrel-macos-arm64