Last updated on 2023-09-26 23:04:19 CEST.
Flavor | Version | Tinstall | Tcheck | Ttotal | Status | Flags |
---|---|---|---|---|---|---|
r-devel-linux-x86_64-debian-clang | 1.0.5 | 43.40 | 194.94 | 238.34 | OK | |
r-devel-linux-x86_64-debian-gcc | 1.0.5 | 37.02 | 137.68 | 174.70 | OK | |
r-devel-linux-x86_64-fedora-clang | 1.0.5 | 296.09 | OK | |||
r-devel-linux-x86_64-fedora-gcc | 1.0.5 | 334.27 | OK | |||
r-devel-windows-x86_64 | 1.0.5 | 30.00 | 180.00 | 210.00 | OK | |
r-patched-linux-x86_64 | 1.0.5 | 42.00 | 200.36 | 242.36 | OK | |
r-release-linux-x86_64 | 1.0.5 | 40.51 | 193.67 | 234.18 | OK | |
r-release-macos-arm64 | 1.0.5 | 82.00 | NOTE | |||
r-release-macos-x86_64 | 1.0.5 | 146.00 | NOTE | |||
r-release-windows-x86_64 | 1.0.5 | 33.00 | 225.00 | 258.00 | OK | |
r-oldrel-macos-arm64 | 1.0.5 | 73.00 | NOTE | |||
r-oldrel-macos-x86_64 | 1.0.5 | 94.00 | NOTE | |||
r-oldrel-windows-x86_64 | 1.0.5 | 42.00 | 209.00 | 251.00 | OK |
Version: 1.0.5
Check: installed package size
Result: NOTE
installed size is 7.0Mb
sub-directories of 1Mb or more:
libs 6.4Mb
Flavors: r-release-macos-arm64, r-release-macos-x86_64, r-oldrel-macos-arm64, r-oldrel-macos-x86_64