Last updated on 2023-09-28 23:08:51 CEST.
Flavor | Version | Tinstall | Tcheck | Ttotal | Status | Flags |
---|---|---|---|---|---|---|
r-devel-linux-x86_64-debian-clang | 2.3.9 | 35.20 | 111.65 | 146.85 | OK | |
r-devel-linux-x86_64-debian-gcc | 2.3.9 | 29.49 | 84.37 | 113.86 | OK | |
r-devel-linux-x86_64-fedora-clang | 2.3.9 | 195.84 | OK | |||
r-devel-linux-x86_64-fedora-gcc | 2.3.9 | 208.29 | OK | |||
r-devel-windows-x86_64 | 2.3.9 | 34.00 | 139.00 | 173.00 | OK | |
r-patched-linux-x86_64 | 2.3.9 | 37.51 | 108.13 | 145.64 | OK | |
r-release-linux-x86_64 | 2.3.9 | 37.24 | 107.40 | 144.64 | OK | |
r-release-macos-arm64 | 2.3.9 | 80.00 | NOTE | |||
r-release-macos-x86_64 | 2.3.9 | 121.00 | NOTE | |||
r-release-windows-x86_64 | 2.3.9 | 43.00 | 173.00 | 216.00 | OK | |
r-oldrel-macos-arm64 | 2.3.9 | 69.00 | NOTE | |||
r-oldrel-macos-x86_64 | 2.3.9 | 84.00 | NOTE | |||
r-oldrel-windows-x86_64 | 2.3.9 | 37.00 | 161.00 | 198.00 | OK |
Version: 2.3.9
Check: installed package size
Result: NOTE
installed size is 5.2Mb
sub-directories of 1Mb or more:
libs 4.2Mb
Flavors: r-release-macos-arm64, r-release-macos-x86_64, r-oldrel-macos-arm64, r-oldrel-macos-x86_64