CRAN Package Check Results for Package msmtools

Last updated on 2021-08-04 22:55:24 CEST.

Flavor Version Tinstall Tcheck Ttotal Status Flags
r-devel-linux-x86_64-debian-clang 2.0.1 10.39 142.17 152.56 OK
r-devel-linux-x86_64-debian-gcc 2.0.1 8.68 102.80 111.48 OK
r-devel-linux-x86_64-fedora-clang 2.0.1 181.41 OK
r-devel-linux-x86_64-fedora-gcc 2.0.1 173.90 OK
r-devel-windows-x86_64 2.0.1 11.00 164.00 175.00 OK
r-devel-windows-x86_64-gcc10-UCRT 2.0.1 OK
r-patched-linux-x86_64 2.0.1 11.09 130.54 141.63 OK
r-patched-solaris-x86 2.0.1 240.50 OK
r-release-linux-x86_64 2.0.1 10.29 131.07 141.36 OK
r-release-macos-arm64 2.0.1 WARN
r-release-macos-x86_64 2.0.1 OK
r-release-windows-ix86+x86_64 2.0.1 24.00 162.00 186.00 OK
r-oldrel-macos-x86_64 2.0.1 OK
r-oldrel-windows-ix86+x86_64 2.0.1 21.00 164.00 185.00 OK

Check Details

Version: 2.0.1
Check: re-building of vignette outputs
Result: WARN
    Error(s) in re-building vignettes:
     ...
    --- re-building ‘msmtools.Rmd’ using rmarkdown_notangle
    Warning in engine$weave(file, quiet = quiet, encoding = enc) :
     Pandoc (>= 1.12.3) not available. Falling back to R Markdown v1.
    Quitting from lines 324-325 (msmtools.Rmd)
    Error: processing vignette 'msmtools.Rmd' failed with diagnostics:
    polygon edge not found
    --- failed re-building ‘msmtools.Rmd’
    
    SUMMARY: processing the following file failed:
     ‘msmtools.Rmd’
    
    Error: Vignette re-building failed.
    Execution halted
Flavor: r-release-macos-arm64