Last updated on 2023-10-04 00:01:53 CEST.
Flavor | Version | Tinstall | Tcheck | Ttotal | Status | Flags |
---|---|---|---|---|---|---|
r-devel-linux-x86_64-debian-clang | 2.0-1.19 | 10.65 | 205.59 | 216.24 | NOTE | |
r-devel-linux-x86_64-debian-gcc | 2.0-1.19 | 8.81 | 162.75 | 171.56 | NOTE | |
r-devel-linux-x86_64-fedora-clang | 2.0-1.19 | 260.68 | NOTE | |||
r-devel-linux-x86_64-fedora-gcc | 2.0-1.19 | 250.63 | NOTE | |||
r-devel-windows-x86_64 | 2.0-1.19 | 10.00 | 182.00 | 192.00 | NOTE | |
r-patched-linux-x86_64 | 2.0-1.19 | 15.50 | 183.08 | 198.58 | NOTE | |
r-release-linux-x86_64 | 2.0-1.19 | 9.30 | 181.93 | 191.23 | NOTE | |
r-release-macos-arm64 | 2.0-1.19 | 87.00 | NOTE | |||
r-release-macos-x86_64 | 2.0-1.19 | 148.00 | NOTE | |||
r-release-windows-x86_64 | 2.0-1.19 | 15.00 | 218.00 | 233.00 | NOTE | |
r-oldrel-macos-arm64 | 2.0-1.19 | 70.00 | OK | |||
r-oldrel-macos-x86_64 | 2.0-1.19 | 96.00 | OK | |||
r-oldrel-windows-x86_64 | 2.0-1.19 | 14.00 | 217.00 | 231.00 | OK |
Version: 2.0-1.19
Check: Rd \usage sections
Result: NOTE
S3 methods shown with full name in documentation object 'pca.plot.wrap':
‘lda.plot.wrap.1’
The \usage entries for S3 methods should use the \method markup and not
their full name.
See chapter ‘Writing R documentation files’ in the ‘Writing R
Extensions’ manual.
Flavors: r-devel-linux-x86_64-debian-clang, r-devel-linux-x86_64-debian-gcc, r-devel-linux-x86_64-fedora-clang, r-devel-linux-x86_64-fedora-gcc, r-devel-windows-x86_64, r-patched-linux-x86_64, r-release-linux-x86_64, r-release-macos-arm64, r-release-macos-x86_64, r-release-windows-x86_64