CRAN Package Check Results for Package muRty

Last updated on 2023-09-26 23:04:19 CEST.

Flavor Version Tinstall Tcheck Ttotal Status Flags
r-devel-linux-x86_64-debian-clang 0.3.1 3.13 29.81 32.94 NOTE
r-devel-linux-x86_64-debian-gcc 0.3.1 2.09 22.65 24.74 NOTE
r-devel-linux-x86_64-fedora-clang 0.3.1 40.23 NOTE
r-devel-linux-x86_64-fedora-gcc 0.3.1 40.95 NOTE
r-devel-windows-x86_64 0.3.1 11.00 51.00 62.00 NOTE
r-patched-linux-x86_64 0.3.1 3.20 29.05 32.25 NOTE
r-release-linux-x86_64 0.3.1 2.08 29.19 31.27 NOTE
r-release-macos-arm64 0.3.1 22.00 NOTE
r-release-macos-x86_64 0.3.1 24.00 NOTE
r-release-windows-x86_64 0.3.1 5.00 51.00 56.00 NOTE
r-oldrel-macos-arm64 0.3.1 19.00 NOTE
r-oldrel-macos-x86_64 0.3.1 24.00 NOTE
r-oldrel-windows-x86_64 0.3.1 6.00 53.00 59.00 NOTE

Check Details

Version: 0.3.1
Check: LazyData
Result: NOTE
     'LazyData' is specified without a 'data' directory
Flavors: r-devel-linux-x86_64-debian-clang, r-devel-linux-x86_64-debian-gcc, r-devel-linux-x86_64-fedora-clang, r-devel-linux-x86_64-fedora-gcc, r-devel-windows-x86_64, r-patched-linux-x86_64, r-release-linux-x86_64, r-release-macos-arm64, r-release-macos-x86_64, r-release-windows-x86_64, r-oldrel-macos-arm64, r-oldrel-macos-x86_64, r-oldrel-windows-x86_64